{"id":793,"date":"2014-12-01T15:13:55","date_gmt":"2014-12-01T14:13:55","guid":{"rendered":"http:\/\/www.einjahrzitate.de\/?page_id=793"},"modified":"2015-08-30T18:21:24","modified_gmt":"2015-08-30T17:21:24","slug":"konrad-adenauer","status":"publish","type":"page","link":"https:\/\/www.einjahrzitate.de\/?page_id=793","title":{"rendered":"Konrad Adenauer"},"content":{"rendered":"<h3><span style=\"color: #3366ff;\">Konrad Adenauer<\/span> wurde am 5. Januar 1876 in K\u00f6ln geboren. 1894 machte er am dortigen Apostelgymnasium das Abitur. Danach studierte er Rechts- und Staatswissenschaften. 1906 trat er in die Deutsche Zentrumspartei ein. Von 1917-1933 war Adenauer Oberb\u00fcrgermeister der Stadt K\u00f6ln. W\u00e4hrend der nationalsozialistischen Machtergreifung in den Jahren 1933\/1934 wurde Konrad Adenauer aller seiner \u00c4mter enthoben. Er lehnte den Nationalsozialismus ab und wurde zweimal inhaftiert. Nach dem Krieg trat er in die neu gegr\u00fcndete Christlich Demokratische Union (CDU) ein. Am 15. September 1949 wurde er zum ersten Bundeskanzler der Bundesrepublik Deutschland gew\u00e4hlt. Er wurde dreimal wiedergew\u00e4hlt und hatte das Amt des Bundeskanzlers bis 1963 inne. In seine Amtszeit fielen der Deutsch-Franz\u00f6sische Freundschaftsvertrag, den er zusammen mit dem franz\u00f6sischen Staatspr\u00e4sidenten Charles de Gaulle ausarbeitete. Konrad Adenauer setzte sich f\u00fcr die wirtschaftliche und politische Eingliederung der Bundesrepublik Deutschland in die westliche Staatengemeinschaft ein und bef\u00fcrwortete die soziale Marktwirtschaft. Er bem\u00fchte sich um eine politische Zusammenarbeit zwischen der BRD und den USA, und 1955 trat die Bundesrepublik der NATO bei. Im selben Jahr wurde die Bundeswehr gegr\u00fcndet, der anfangs nur Freiwillige, darunter viele Veteranen der Wehrmacht, angeh\u00f6rten. Adenauers Antikommunismus f\u00fchrte 1956 zum Verbot der Kommunistischen Partei Deutschlands (KPD). Bis zu seinem Tod war Adenauer Mitglied des deutschen Bundestags. Konrad Adenauer starb am 19. April 1967 in Rh\u00f6ndorf, auf dessen Waldfriedhof sich sein Grab befindet.<\/h3>\n<div class='watch-action'><div class='watch-position align-right'><div class='action-like'><a class='lbg-style1 like-793 jlk' href='javascript:void(0)' data-task='like' data-post_id='793' data-nonce='166a765446' rel='nofollow'><img class='wti-pixel' src='https:\/\/www.einjahrzitate.de\/wp-content\/plugins\/wti-like-post\/images\/pixel.gif' title='Interessant' \/><span class='lc-793 lc'>0<\/span><\/a><\/div><\/div> <div class='status-793 status align-right'><\/div><\/div><div class='wti-clear'><\/div>","protected":false},"excerpt":{"rendered":"<p>Konrad Adenauer wurde am 5. Januar 1876 in K\u00f6ln geboren. 1894 machte er am dortigen Apostelgymnasium das Abitur. Danach studierte er Rechts- und Staatswissenschaften. 1906 trat er in die Deutsche Zentrumspartei ein. Von 1917-1933 war Adenauer Oberb\u00fcrgermeister der Stadt K\u00f6ln. W\u00e4hrend der nationalsozialistischen Machtergreifung in den Jahren 1933\/1934 wurde Konrad Adenauer aller seiner \u00c4mter enthoben. [&hellip;]<\/p>\n","protected":false},"author":1,"featured_media":0,"parent":0,"menu_order":0,"comment_status":"closed","ping_status":"closed","template":"","meta":{"_monsterinsights_skip_tracking":false,"_monsterinsights_sitenote_active":false,"_monsterinsights_sitenote_note":"","_monsterinsights_sitenote_category":0,"footnotes":""},"class_list":["post-793","page","type-page","status-publish","hentry"],"_links":{"self":[{"href":"https:\/\/www.einjahrzitate.de\/index.php?rest_route=\/wp\/v2\/pages\/793","targetHints":{"allow":["GET"]}}],"collection":[{"href":"https:\/\/www.einjahrzitate.de\/index.php?rest_route=\/wp\/v2\/pages"}],"about":[{"href":"https:\/\/www.einjahrzitate.de\/index.php?rest_route=\/wp\/v2\/types\/page"}],"author":[{"embeddable":true,"href":"https:\/\/www.einjahrzitate.de\/index.php?rest_route=\/wp\/v2\/users\/1"}],"replies":[{"embeddable":true,"href":"https:\/\/www.einjahrzitate.de\/index.php?rest_route=%2Fwp%2Fv2%2Fcomments&post=793"}],"version-history":[{"count":0,"href":"https:\/\/www.einjahrzitate.de\/index.php?rest_route=\/wp\/v2\/pages\/793\/revisions"}],"wp:attachment":[{"href":"https:\/\/www.einjahrzitate.de\/index.php?rest_route=%2Fwp%2Fv2%2Fmedia&parent=793"}],"curies":[{"name":"wp","href":"https:\/\/api.w.org\/{rel}","templated":true}]}}

<h3><span style="color: #3366ff;">Konrad Adenauer</span> wurde am 5. Januar 1876 in Köln geboren. 1894 machte er am dortigen Apostelgymnasium das Abitur. Danach studierte er Rechts- und Staatswissenschaften. 1906 trat er in die Deutsche Zentrumspartei ein. Von 1917-1933 war Adenauer Oberbürgermeister der Stadt Köln. Während der nationalsozialistischen Machtergreifung in den Jahren 1933/1934 wurde Konrad Adenauer aller seiner Ämter enthoben. Er lehnte den Nationalsozialismus ab und wurde zweimal inhaftiert. Nach dem Krieg trat er in die neu gegründete Christlich Demokratische Union (CDU) ein. Am 15. September 1949 wurde er zum ersten Bundeskanzler der Bundesrepublik Deutschland gewählt. Er wurde dreimal wiedergewählt und hatte das Amt des Bundeskanzlers bis 1963 inne. In seine Amtszeit fielen der Deutsch-Französische Freundschaftsvertrag, den er zusammen mit dem französischen Staatspräsidenten Charles de Gaulle ausarbeitete. Konrad Adenauer setzte sich für die wirtschaftliche und politische Eingliederung der Bundesrepublik Deutschland in die westliche Staatengemeinschaft ein und befürwortete die soziale Marktwirtschaft. Er bemühte sich um eine politische Zusammenarbeit zwischen der BRD und den USA, und 1955 trat die Bundesrepublik der NATO bei. Im selben Jahr wurde die Bundeswehr gegründet, der anfangs nur Freiwillige, darunter viele Veteranen der Wehrmacht, angehörten. Adenauers Antikommunismus führte 1956 zum Verbot der Kommunistischen Partei Deutschlands (KPD). Bis zu seinem Tod war Adenauer Mitglied des deutschen Bundestags. Konrad Adenauer starb am 19. April 1967 in Rhöndorf, auf dessen Waldfriedhof sich sein Grab befindet.</h3>
<div class='watch-action'><div class='watch-position align-right'><div class='action-like'><a class='lbg-style1 like-793 jlk' href='javascript:void(0)' data-task='like' data-post_id='793' data-nonce='166a765446' rel='nofollow'><img class='wti-pixel' src='https://www.einjahrzitate.de/wp-content/plugins/wti-like-post/images/pixel.gif' title='Interessant' /><span class='lc-793 lc'>0</span></a></div></div> <div class='status-793 status align-right'></div></div><div class='wti-clear'></div>

<p>Konrad Adenauer wurde am 5. Januar 1876 in Köln geboren. 1894 machte er am dortigen Apostelgymnasium das Abitur. Danach studierte er Rechts- und Staatswissenschaften. 1906 trat er in die Deutsche Zentrumspartei ein. Von 1917-1933 war Adenauer Oberbürgermeister der Stadt Köln. Während der nationalsozialistischen Machtergreifung in den Jahren 1933/1934 wurde Konrad Adenauer aller seiner Ämter enthoben. [&hellip;]</p>
