{"id":3280,"date":"2026-03-29T18:15:32","date_gmt":"2026-03-29T17:15:32","guid":{"rendered":"https:\/\/www.einjahrzitate.de\/?page_id=3280"},"modified":"2026-03-29T18:15:32","modified_gmt":"2026-03-29T17:15:32","slug":"roger-willemsen","status":"publish","type":"page","link":"https:\/\/www.einjahrzitate.de\/?page_id=3280","title":{"rendered":"Roger Willemsen"},"content":{"rendered":"<br \/>\n<h3><span style=\"color: #3366ff;\">Roger Willemsen<\/span> wurde am 15. August 1955 in Bonn geboren. Er besuchte das Gymnasium in Bonn-Duisburg. Nach dem Abitur im Jahr 1976 studierte er Germanistik, Philosophie und Kunstgeschichte in M\u00fcnchen, Florenz, Bonn und Wien. Er promovierte 1984 mit seiner wissenschaftlichen Arbeit <i>Die Literaturtheorie von Robert Musil<\/i>. Danach arbeitete er als \u00dcbersetzer, Moderator, freier Schriftsteller und Korrespondent f\u00fcr Zeitungen. 1995 erhielt Willemsen eine Gastprofessur f\u00fcr Literaturwissenschaften an der Ruhr-Universit\u00e4t in Bochum. Roger Willemsen war im kulturellen Bereich t\u00e4tig. Er arbeitete f\u00fcr das ZDF und den Westdeutschen als auch Norddeutschen Rundfunk. Zwischen den Jahren 2000 und 2002 moderierte er im Deutschen Schauspielhaus in Hamburg das B\u00fchnengespr\u00e4ch. Er war Moderator in dem Literaturclub des Schweizer Fernsehens, bei dem K\u00f6lner Literaturfestival, dem Mannheimer Literaturfest und den Festspielen Mecklenburg-Vorpommern. Roger Willemsen schrieb Artikel f\u00fcr <i>Die Zeit<\/i>, das Zeit-Magazin, die Zeitschrift <i>Konkret<\/i> und die Zeitung <i>Die Woche<\/i>. Im Jahr 2010 wurde er Honorarprofessor an der Humboldt-Universit\u00e4t in Berlin. Au\u00dferdem war er schriftstellerisch t\u00e4tig und schrieb mehrere B\u00fccher. Er erhielt den Adolf Grimme Preis in Gold, den Bayerischen Fernsehpreis und das Goldene Kabel. Er engagierte sich bei Amnesty International, CARE International, Attac, Terre des Femmes, der UN-Fl\u00fcchtlingshilfe, dem Afghanischen Frauenverein e.V. und dem Kinderhospiz Bethel. Roger Willemsen starb am 7. Februar 2016 in Wentorf bei Hamburg.<\/h3>\n<div class='watch-action'><div class='watch-position align-right'><div class='action-like'><a class='lbg-style1 like-3280 jlk' href='javascript:void(0)' data-task='like' data-post_id='3280' data-nonce='939d066578' rel='nofollow'><img class='wti-pixel' src='https:\/\/www.einjahrzitate.de\/wp-content\/plugins\/wti-like-post\/images\/pixel.gif' title='Interessant' \/><span class='lc-3280 lc'>0<\/span><\/a><\/div><\/div> <div class='status-3280 status align-right'><\/div><\/div><div class='wti-clear'><\/div>","protected":false},"excerpt":{"rendered":"<p>Roger Willemsen wurde am 15. August 1955 in Bonn geboren. Er besuchte das Gymnasium in Bonn-Duisburg. Nach dem Abitur im Jahr 1976 studierte er Germanistik, Philosophie und Kunstgeschichte in M\u00fcnchen, Florenz, Bonn und Wien. Er promovierte 1984 mit seiner wissenschaftlichen Arbeit Die Literaturtheorie von Robert Musil. Danach arbeitete er als \u00dcbersetzer, Moderator, freier Schriftsteller und [&hellip;]<\/p>\n","protected":false},"author":1,"featured_media":0,"parent":0,"menu_order":0,"comment_status":"closed","ping_status":"closed","template":"","meta":{"_monsterinsights_skip_tracking":false,"_monsterinsights_sitenote_active":false,"_monsterinsights_sitenote_note":"","_monsterinsights_sitenote_category":0,"footnotes":""},"class_list":["post-3280","page","type-page","status-publish","hentry"],"_links":{"self":[{"href":"https:\/\/www.einjahrzitate.de\/index.php?rest_route=\/wp\/v2\/pages\/3280","targetHints":{"allow":["GET"]}}],"collection":[{"href":"https:\/\/www.einjahrzitate.de\/index.php?rest_route=\/wp\/v2\/pages"}],"about":[{"href":"https:\/\/www.einjahrzitate.de\/index.php?rest_route=\/wp\/v2\/types\/page"}],"author":[{"embeddable":true,"href":"https:\/\/www.einjahrzitate.de\/index.php?rest_route=\/wp\/v2\/users\/1"}],"replies":[{"embeddable":true,"href":"https:\/\/www.einjahrzitate.de\/index.php?rest_route=%2Fwp%2Fv2%2Fcomments&post=3280"}],"version-history":[{"count":1,"href":"https:\/\/www.einjahrzitate.de\/index.php?rest_route=\/wp\/v2\/pages\/3280\/revisions"}],"predecessor-version":[{"id":3282,"href":"https:\/\/www.einjahrzitate.de\/index.php?rest_route=\/wp\/v2\/pages\/3280\/revisions\/3282"}],"wp:attachment":[{"href":"https:\/\/www.einjahrzitate.de\/index.php?rest_route=%2Fwp%2Fv2%2Fmedia&parent=3280"}],"curies":[{"name":"wp","href":"https:\/\/api.w.org\/{rel}","templated":true}]}}