{"id":3257,"date":"2026-01-15T18:08:22","date_gmt":"2026-01-15T17:08:22","guid":{"rendered":"https:\/\/www.einjahrzitate.de\/?page_id=3257"},"modified":"2026-01-15T18:09:38","modified_gmt":"2026-01-15T17:09:38","slug":"rainer-maria-rilke","status":"publish","type":"page","link":"https:\/\/www.einjahrzitate.de\/?page_id=3257","title":{"rendered":"Rainer Maria Rilke"},"content":{"rendered":"<h3><span style=\"color: #3366ff;\">Rainer Maria Rilke<\/span> wurde am 4. Dezember 1875 in Prag, der Hauptstadt B\u00f6hmens, das zu \u00d6sterreich-Ungarn geh\u00f6rte, geboren. Er erhielt unter anderen die Vornamen Ren\u00e9 Maria. Seine Mutter hatte im Jahr zuvor eine Fr\u00fchgeburt und ihre Tochter starb nach einer Woche, weshalb sie ihren Sohn gleichzeitig wie ein M\u00e4dchen erzog. Fr\u00fche Fotos zeigen ihn in M\u00e4dchenkleidern. Im Jahr 1886 ging Rilke nach der katholischen Volksschule auf die Milit\u00e4r-Unterrealschule in St. P\u00f6lten. Doch sagte ihm die milit\u00e4rische Disziplin nicht zu und da er kr\u00e4nkelte, brach er die milit\u00e4rische Ausbildung ab. Er besuchte daraufhin die Handelsakademie in Linz, das er 1892 wegen einer Liebesaff\u00e4re zu einem \u00e4lteren Kinderm\u00e4dchen verlie\u00df. Rilke ging zur\u00fcck nach Prag, wo er 1895 das Abitur bestand. Daraufhin studierte er an der deutschen Universit\u00e4t Prag Literatur, Kunstgeschichte und Philosophie. Ein Jahr sp\u00e4ter wechselte er an die Universit\u00e4t in M\u00fcnchen. Im Jahr 1897 lernte er Lou Andreas-Salom\u00e9 kennen und aus ihrer gegenseitigen Liebe wurde eine lebenslange Freundschaft. Er \u00e4nderte seinen Vornamen Ren\u00e9 in Rainer. Im Jahr 1900 besuchte Rainer Maria Rilke die K\u00fcnstlerkolonie in Worpswede, wo er Carla Westhoff begegnete, die er heiratete. Die beiden bekamen eine Tochter, die sie Ruth nannten. Ein Jahr darauf ging Rilke, der nie lange an demselben Ort verweilte, nach Paris, wo er mit seiner Monographie \u00fcber Auguste Rodin begann, dessen Sekret\u00e4r er von 1904 bis 1906 wurde. Seine Zeit in Paris verarbeitete Rilke in seinem einzigen Roman <i>Die Aufzeichnungen des Malte Laurids Brigge<\/i>. Nachdem er Paris verlassen hatte, machte er mehrere Reisen durch Europa und Nordafrika. Im Jahr 1910 lud ihn die Prinzessin Marie von Thurn und Taxis, die seine M\u00e4zenin wurde, auf ihr Schloss in Duino ein. Rilke begann in dieser Zeit seine <i>Duineser Elegien<\/i> zu schreiben. Nach einer kurzen Begeisterung verurteilte Rilke den ersten Weltkrieg. Anfang des Jahres 1916 wurde er zur Infanterie eingezogen, doch bald darauf wieder aus dem Milit\u00e4rdienst entlassen. Am Ende des Krieges siedelte sich Rilke in der Schweiz an. Er fand in Nanny Wunderly-Volkart eine G\u00f6nnerin und ihr Cousin Werner Reinhart lie\u00df ihn kostenfrei in dem Schloss von Muzot wohnen. In dieser Zeit schrieb Rilke seine <i>Sonette an Orpheus<\/i>. Jedoch musste er sich ab dem Jahr 1923 mehreren Sanatoriumsaufenthalten unterziehen. Rainer Maria Rilke starb an den Folgen einer Leuk\u00e4mie am 29. Dezember 1926 in der Klinik Val-Mont in der N\u00e4he von Montreux.<\/h3>\n<div class='watch-action'><div class='watch-position align-right'><div class='action-like'><a class='lbg-style1 like-3257 jlk' href='javascript:void(0)' data-task='like' data-post_id='3257' data-nonce='166a765446' rel='nofollow'><img class='wti-pixel' src='https:\/\/www.einjahrzitate.de\/wp-content\/plugins\/wti-like-post\/images\/pixel.gif' title='Interessant' \/><span class='lc-3257 lc'>0<\/span><\/a><\/div><\/div> <div class='status-3257 status align-right'><\/div><\/div><div class='wti-clear'><\/div>","protected":false},"excerpt":{"rendered":"<p>Rainer Maria Rilke wurde am 4. Dezember 1875 in Prag, der Hauptstadt B\u00f6hmens, das zu \u00d6sterreich-Ungarn geh\u00f6rte, geboren. Er erhielt unter anderen die Vornamen Ren\u00e9 Maria. Seine Mutter hatte im Jahr zuvor eine Fr\u00fchgeburt und ihre Tochter starb nach einer Woche, weshalb sie ihren Sohn gleichzeitig wie ein M\u00e4dchen erzog. Fr\u00fche Fotos zeigen ihn in [&hellip;]<\/p>\n","protected":false},"author":1,"featured_media":0,"parent":0,"menu_order":0,"comment_status":"closed","ping_status":"closed","template":"","meta":{"_monsterinsights_skip_tracking":false,"_monsterinsights_sitenote_active":false,"_monsterinsights_sitenote_note":"","_monsterinsights_sitenote_category":0,"footnotes":""},"class_list":["post-3257","page","type-page","status-publish","hentry"],"_links":{"self":[{"href":"https:\/\/www.einjahrzitate.de\/index.php?rest_route=\/wp\/v2\/pages\/3257","targetHints":{"allow":["GET"]}}],"collection":[{"href":"https:\/\/www.einjahrzitate.de\/index.php?rest_route=\/wp\/v2\/pages"}],"about":[{"href":"https:\/\/www.einjahrzitate.de\/index.php?rest_route=\/wp\/v2\/types\/page"}],"author":[{"embeddable":true,"href":"https:\/\/www.einjahrzitate.de\/index.php?rest_route=\/wp\/v2\/users\/1"}],"replies":[{"embeddable":true,"href":"https:\/\/www.einjahrzitate.de\/index.php?rest_route=%2Fwp%2Fv2%2Fcomments&post=3257"}],"version-history":[{"count":2,"href":"https:\/\/www.einjahrzitate.de\/index.php?rest_route=\/wp\/v2\/pages\/3257\/revisions"}],"predecessor-version":[{"id":3260,"href":"https:\/\/www.einjahrzitate.de\/index.php?rest_route=\/wp\/v2\/pages\/3257\/revisions\/3260"}],"wp:attachment":[{"href":"https:\/\/www.einjahrzitate.de\/index.php?rest_route=%2Fwp%2Fv2%2Fmedia&parent=3257"}],"curies":[{"name":"wp","href":"https:\/\/api.w.org\/{rel}","templated":true}]}}