{"id":3227,"date":"2025-10-18T11:07:00","date_gmt":"2025-10-18T10:07:00","guid":{"rendered":"https:\/\/www.einjahrzitate.de\/?page_id=3227"},"modified":"2025-10-20T18:21:37","modified_gmt":"2025-10-20T17:21:37","slug":"emile-zola","status":"publish","type":"page","link":"https:\/\/www.einjahrzitate.de\/?page_id=3227","title":{"rendered":"\u00c9mile Zola"},"content":{"rendered":"<h3><span style=\"color: #3366ff;\">\u00c9mile Zola<\/span> wurde am 2. April 1840 in Paris geboren. 1843 zog er mit seinen Eltern nach Aix-en-Provence, da sein Vater den dortigen Bau der Zola-Talsperre leitete. Vier Jahre sp\u00e4ter starb sein Vater an einer Lungenentz\u00fcndung. An der Schule in Aix befreundete Zola sich mit Paul C\u00e9zanne an. Seine Mutter, die mit einer geringen Rente auskommen musste, ging zur\u00fcck nach Paris und ihr Sohn zog 1858 zu ihr. Mit B\u00fcroarbeiten trug er zum Lebensunterhalt der beiden bei. Zola erhielt bald darauf eine feste Anstellung in der B\u00fccherei Hachette. Im Jahr 1965 lernte er Alexandrine Meley kennen, die er f\u00fcnf Jahre sp\u00e4ter heiratete. Zola schrieb regelm\u00e4\u00dfig f\u00fcr den literarischen und k\u00fcnstlerischen Zeil verschiedener Zeitungen, in denen er auch eigene seiner schriftstellerischen Arbeiten ver\u00f6ffentlichen konnte. Mit seinen Roman Zyklus les Rougon-Macquart, einer Familiengeschichte, in der die sozialen Verh\u00e4ltnisse w\u00e4hrend des Zweiten Kaiserreichs aufgezeigt werden, gelang ihm der literarische Durchbruch. W\u00e4hrend der Dreyfus Aff\u00e4re nahm \u00c9mile Zola Partei f\u00fcr den im Jahr 1894 wegen Landesverrats zu Unrecht angeklagten j\u00fcdischen Kapit\u00e4n Alfred Dreyfus, der f\u00fcnf Jahre sp\u00e4ter begnadigt und im Jahr 1906 rehabilitiert wurde. \u00c9mile Zola unterhielt ein Verh\u00e4ltnis mit seiner Hausangestellten Jeanne Rozerot und die beiden bekamen ein M\u00e4dchen und einen Jungen. Nach Zolas Tod erkannte Alexandrine die Vaterschaft ihres Mannes an und so konnten seine beiden Kinder seinen Namen tragen. \u00c9mile Zola war am 29. September 1902 an einer Kohlenstoffmonoxidvergiftung gestorben. Im Jahr 1906 wurde sein Leichnam auf Wunsch der Regierung unter Georges Clemenceau ins Panth\u00e9on \u00fcberf\u00fchrt.<\/h3>\n<div class='watch-action'><div class='watch-position align-right'><div class='action-like'><a class='lbg-style1 like-3227 jlk' href='javascript:void(0)' data-task='like' data-post_id='3227' data-nonce='166a765446' rel='nofollow'><img class='wti-pixel' src='https:\/\/www.einjahrzitate.de\/wp-content\/plugins\/wti-like-post\/images\/pixel.gif' title='Interessant' \/><span class='lc-3227 lc'>0<\/span><\/a><\/div><\/div> <div class='status-3227 status align-right'><\/div><\/div><div class='wti-clear'><\/div>","protected":false},"excerpt":{"rendered":"<p>\u00c9mile Zola wurde am 2. April 1840 in Paris geboren. 1843 zog er mit seinen Eltern nach Aix-en-Provence, da sein Vater den dortigen Bau der Zola-Talsperre leitete. Vier Jahre sp\u00e4ter starb sein Vater an einer Lungenentz\u00fcndung. An der Schule in Aix befreundete Zola sich mit Paul C\u00e9zanne an. Seine Mutter, die mit einer geringen Rente [&hellip;]<\/p>\n","protected":false},"author":1,"featured_media":0,"parent":0,"menu_order":0,"comment_status":"closed","ping_status":"closed","template":"","meta":{"_monsterinsights_skip_tracking":false,"_monsterinsights_sitenote_active":false,"_monsterinsights_sitenote_note":"","_monsterinsights_sitenote_category":0,"footnotes":""},"class_list":["post-3227","page","type-page","status-publish","hentry"],"_links":{"self":[{"href":"https:\/\/www.einjahrzitate.de\/index.php?rest_route=\/wp\/v2\/pages\/3227","targetHints":{"allow":["GET"]}}],"collection":[{"href":"https:\/\/www.einjahrzitate.de\/index.php?rest_route=\/wp\/v2\/pages"}],"about":[{"href":"https:\/\/www.einjahrzitate.de\/index.php?rest_route=\/wp\/v2\/types\/page"}],"author":[{"embeddable":true,"href":"https:\/\/www.einjahrzitate.de\/index.php?rest_route=\/wp\/v2\/users\/1"}],"replies":[{"embeddable":true,"href":"https:\/\/www.einjahrzitate.de\/index.php?rest_route=%2Fwp%2Fv2%2Fcomments&post=3227"}],"version-history":[{"count":6,"href":"https:\/\/www.einjahrzitate.de\/index.php?rest_route=\/wp\/v2\/pages\/3227\/revisions"}],"predecessor-version":[{"id":3237,"href":"https:\/\/www.einjahrzitate.de\/index.php?rest_route=\/wp\/v2\/pages\/3227\/revisions\/3237"}],"wp:attachment":[{"href":"https:\/\/www.einjahrzitate.de\/index.php?rest_route=%2Fwp%2Fv2%2Fmedia&parent=3227"}],"curies":[{"name":"wp","href":"https:\/\/api.w.org\/{rel}","templated":true}]}}

Émile Zola

<h3><span style="color: #3366ff;">Émile Zola</span> wurde am 2. April 1840 in Paris geboren. 1843 zog er mit seinen Eltern nach Aix-en-Provence, da sein Vater den dortigen Bau der Zola-Talsperre leitete. Vier Jahre später starb sein Vater an einer Lungenentzündung. An der Schule in Aix befreundete Zola sich mit Paul Cézanne an. Seine Mutter, die mit einer geringen Rente auskommen musste, ging zurück nach Paris und ihr Sohn zog 1858 zu ihr. Mit Büroarbeiten trug er zum Lebensunterhalt der beiden bei. Zola erhielt bald darauf eine feste Anstellung in der Bücherei Hachette. Im Jahr 1965 lernte er Alexandrine Meley kennen, die er fünf Jahre später heiratete. Zola schrieb regelmäßig für den literarischen und künstlerischen Zeil verschiedener Zeitungen, in denen er auch eigene seiner schriftstellerischen Arbeiten veröffentlichen konnte. Mit seinen Roman Zyklus les Rougon-Macquart, einer Familiengeschichte, in der die sozialen Verhältnisse während des Zweiten Kaiserreichs aufgezeigt werden, gelang ihm der literarische Durchbruch. Während der Dreyfus Affäre nahm Émile Zola Partei für den im Jahr 1894 wegen Landesverrats zu Unrecht angeklagten jüdischen Kapitän Alfred Dreyfus, der fünf Jahre später begnadigt und im Jahr 1906 rehabilitiert wurde. Émile Zola unterhielt ein Verhältnis mit seiner Hausangestellten Jeanne Rozerot und die beiden bekamen ein Mädchen und einen Jungen. Nach Zolas Tod erkannte Alexandrine die Vaterschaft ihres Mannes an und so konnten seine beiden Kinder seinen Namen tragen. Émile Zola war am 29. September 1902 an einer Kohlenstoffmonoxidvergiftung gestorben. Im Jahr 1906 wurde sein Leichnam auf Wunsch der Regierung unter Georges Clemenceau ins Panthéon überführt.</h3>
<div class='watch-action'><div class='watch-position align-right'><div class='action-like'><a class='lbg-style1 like-3227 jlk' href='javascript:void(0)' data-task='like' data-post_id='3227' data-nonce='166a765446' rel='nofollow'><img class='wti-pixel' src='https://www.einjahrzitate.de/wp-content/plugins/wti-like-post/images/pixel.gif' title='Interessant' /><span class='lc-3227 lc'>0</span></a></div></div> <div class='status-3227 status align-right'></div></div><div class='wti-clear'></div>

<p>Émile Zola wurde am 2. April 1840 in Paris geboren. 1843 zog er mit seinen Eltern nach Aix-en-Provence, da sein Vater den dortigen Bau der Zola-Talsperre leitete. Vier Jahre später starb sein Vater an einer Lungenentzündung. An der Schule in Aix befreundete Zola sich mit Paul Cézanne an. Seine Mutter, die mit einer geringen Rente [&hellip;]</p>
