{"id":3110,"date":"2025-02-08T16:26:35","date_gmt":"2025-02-08T15:26:35","guid":{"rendered":"https:\/\/www.einjahrzitate.de\/?page_id=3110"},"modified":"2025-02-08T16:26:35","modified_gmt":"2025-02-08T15:26:35","slug":"bernhard-welte","status":"publish","type":"page","link":"https:\/\/www.einjahrzitate.de\/?page_id=3110","title":{"rendered":"Bernhard Welte"},"content":{"rendered":"<h3><span style=\"color: #3366ff;\">Bernhard Welte<\/span>  wurde am 31. M\u00e4rz 1906 in Me\u00dfkirch geboren. Nach dem Abitur studierte er in Freiburg und M\u00fcnchen katholische Theologie. Im Jahr 1929 erhielt er die Priesterweihe. Im Jahr 1934 wurde er Sekret\u00e4r des Erzbischofs Conrad Gr\u00f6ber. Im selben Jahr lernte Bernhard Welte den Philosophen und Verlagslektor Heinrich Ochsner kennen, mit dem zusammen er dem Freiburger Kreis, einer Gemeinschaft christlicher M\u00e4nner, angeh\u00f6rte. 1938 promovierte Bernhard Welte und 1946 habilitierte er sich. Im Jahr 1952 wurde Bernhard Welte an der Albert-Ludwigs-Universit\u00e4t in Freiburg Professor f\u00fcr theologische Grenzfragen. Zwei Jahre sp\u00e4ter wurde dieser Lehrstuhl in christliche Religionsphilosophie umbenannt. Bernhard Welte hielt w\u00e4hrend seiner Zeit als Professor viele Gastvorlesungen in S\u00fcdamerika, und in den Jahren 1968\/1969 kam es zur Gr\u00fcndung des Stipendienwerks Lateinamerika-Deutschland, um die wissenschaftliche Zusammenarbeit zwischen lateinamerikanischen und deutschen Universit\u00e4ten zu f\u00f6rdern. Im Jahr 1973 wurde Bernhard Welte emeritiert und im selben Jahr wurde ihm die Ehrendoktorw\u00fcrde der Universit\u00e4t in Cordoba, Argentinien verliehen. 1976 erhielt er die Ehrenb\u00fcrgerschaft der Stadt Me\u00dfkirch und 1978 das Gro\u00dfe Bundesverdienstkreuz. Bernahard Welte starb am 6. September 1983 in Freiburg.<\/h3>\n<div class='watch-action'><div class='watch-position align-right'><div class='action-like'><a class='lbg-style1 like-3110 jlk' href='javascript:void(0)' data-task='like' data-post_id='3110' data-nonce='166a765446' rel='nofollow'><img class='wti-pixel' src='https:\/\/www.einjahrzitate.de\/wp-content\/plugins\/wti-like-post\/images\/pixel.gif' title='Interessant' \/><span class='lc-3110 lc'>0<\/span><\/a><\/div><\/div> <div class='status-3110 status align-right'><\/div><\/div><div class='wti-clear'><\/div>","protected":false},"excerpt":{"rendered":"<p>Bernhard Welte wurde am 31. M\u00e4rz 1906 in Me\u00dfkirch geboren. Nach dem Abitur studierte er in Freiburg und M\u00fcnchen katholische Theologie. Im Jahr 1929 erhielt er die Priesterweihe. Im Jahr 1934 wurde er Sekret\u00e4r des Erzbischofs Conrad Gr\u00f6ber. Im selben Jahr lernte Bernhard Welte den Philosophen und Verlagslektor Heinrich Ochsner kennen, mit dem zusammen er [&hellip;]<\/p>\n","protected":false},"author":1,"featured_media":0,"parent":0,"menu_order":0,"comment_status":"closed","ping_status":"closed","template":"","meta":{"_monsterinsights_skip_tracking":false,"_monsterinsights_sitenote_active":false,"_monsterinsights_sitenote_note":"","_monsterinsights_sitenote_category":0,"footnotes":""},"class_list":["post-3110","page","type-page","status-publish","hentry"],"_links":{"self":[{"href":"https:\/\/www.einjahrzitate.de\/index.php?rest_route=\/wp\/v2\/pages\/3110","targetHints":{"allow":["GET"]}}],"collection":[{"href":"https:\/\/www.einjahrzitate.de\/index.php?rest_route=\/wp\/v2\/pages"}],"about":[{"href":"https:\/\/www.einjahrzitate.de\/index.php?rest_route=\/wp\/v2\/types\/page"}],"author":[{"embeddable":true,"href":"https:\/\/www.einjahrzitate.de\/index.php?rest_route=\/wp\/v2\/users\/1"}],"replies":[{"embeddable":true,"href":"https:\/\/www.einjahrzitate.de\/index.php?rest_route=%2Fwp%2Fv2%2Fcomments&post=3110"}],"version-history":[{"count":1,"href":"https:\/\/www.einjahrzitate.de\/index.php?rest_route=\/wp\/v2\/pages\/3110\/revisions"}],"predecessor-version":[{"id":3112,"href":"https:\/\/www.einjahrzitate.de\/index.php?rest_route=\/wp\/v2\/pages\/3110\/revisions\/3112"}],"wp:attachment":[{"href":"https:\/\/www.einjahrzitate.de\/index.php?rest_route=%2Fwp%2Fv2%2Fmedia&parent=3110"}],"curies":[{"name":"wp","href":"https:\/\/api.w.org\/{rel}","templated":true}]}}

<h3><span style="color: #3366ff;">Bernhard Welte</span>  wurde am 31. März 1906 in Meßkirch geboren. Nach dem Abitur studierte er in Freiburg und München katholische Theologie. Im Jahr 1929 erhielt er die Priesterweihe. Im Jahr 1934 wurde er Sekretär des Erzbischofs Conrad Gröber. Im selben Jahr lernte Bernhard Welte den Philosophen und Verlagslektor Heinrich Ochsner kennen, mit dem zusammen er dem Freiburger Kreis, einer Gemeinschaft christlicher Männer, angehörte. 1938 promovierte Bernhard Welte und 1946 habilitierte er sich. Im Jahr 1952 wurde Bernhard Welte an der Albert-Ludwigs-Universität in Freiburg Professor für theologische Grenzfragen. Zwei Jahre später wurde dieser Lehrstuhl in christliche Religionsphilosophie umbenannt. Bernhard Welte hielt während seiner Zeit als Professor viele Gastvorlesungen in Südamerika, und in den Jahren 1968/1969 kam es zur Gründung des Stipendienwerks Lateinamerika-Deutschland, um die wissenschaftliche Zusammenarbeit zwischen lateinamerikanischen und deutschen Universitäten zu fördern. Im Jahr 1973 wurde Bernhard Welte emeritiert und im selben Jahr wurde ihm die Ehrendoktorwürde der Universität in Cordoba, Argentinien verliehen. 1976 erhielt er die Ehrenbürgerschaft der Stadt Meßkirch und 1978 das Große Bundesverdienstkreuz. Bernahard Welte starb am 6. September 1983 in Freiburg.</h3>
<div class='watch-action'><div class='watch-position align-right'><div class='action-like'><a class='lbg-style1 like-3110 jlk' href='javascript:void(0)' data-task='like' data-post_id='3110' data-nonce='166a765446' rel='nofollow'><img class='wti-pixel' src='https://www.einjahrzitate.de/wp-content/plugins/wti-like-post/images/pixel.gif' title='Interessant' /><span class='lc-3110 lc'>0</span></a></div></div> <div class='status-3110 status align-right'></div></div><div class='wti-clear'></div>

<p>Bernhard Welte wurde am 31. März 1906 in Meßkirch geboren. Nach dem Abitur studierte er in Freiburg und München katholische Theologie. Im Jahr 1929 erhielt er die Priesterweihe. Im Jahr 1934 wurde er Sekretär des Erzbischofs Conrad Gröber. Im selben Jahr lernte Bernhard Welte den Philosophen und Verlagslektor Heinrich Ochsner kennen, mit dem zusammen er [&hellip;]</p>
