{"id":3085,"date":"2026-01-15T18:10:38","date_gmt":"2026-01-15T17:10:38","guid":{"rendered":"https:\/\/www.einjahrzitate.de\/?page_id=3085"},"modified":"2026-01-15T18:10:38","modified_gmt":"2026-01-15T17:10:38","slug":"lou-andreas-salome","status":"publish","type":"page","link":"https:\/\/www.einjahrzitate.de\/?page_id=3085","title":{"rendered":"Lou Andreas-Salom\u00e9"},"content":{"rendered":"<br \/>\n<h3><span style=\"color: #3366ff;\">Lou Andreas-Salom\u00e9<\/span>  wurde am 12. Februar 1861 in St. Petersburg geboren. Sie hatte f\u00fcnf \u00e4ltere Br\u00fcder und erhielt Privatunterricht. Im Jahr 1881 schrieb sie sich als Gasth\u00f6rerin an der Universit\u00e4t in Z\u00fcrich ein. Aus gesundheitlichen Gr\u00fcnden zog sie mit ihrer Mutter nach Rom, wo sie Friedrich Nietzsche und dessen Freund Paul R\u00e9e kennenlernte. Es entwickelte sich eine Freundschaft zwischen den dreien, die wegen der Eifersucht der zwei M\u00e4nner ein Ende nahm. 1886 heiratete Lou Salom\u00e9 den Orientalisten Friedrich Carl Andreas, der ihr sehr viel Freiraum gew\u00e4hrte. 1897 begann sie mit 36 Jahren ein dreij\u00e4hriges schwieriges Verh\u00e4ltnis mit dem 22j\u00e4hrigen Dichter Rainer Maria Rilke. Die von Sigmund Freud begr\u00fcndete Psychoanalyse faszinierte Lou Andreas-Salom\u00e9 und sie bet\u00e4tigte sich als Pschoanalystin in G\u00f6ttingen, wo sie und ihr Mann ein gro\u00dfes Haus besa\u00dfen. Freud machte sie mit seiner Tochter  Anna bekannt und die beiden Frauen traten 1922 der Wiener Psychoanalytischen Vereinigung bei. Lou Andreas-Salom\u00e9 starb am 5. Februar 1937. Ihr Grab befindet sich auf dem Friedhof der Stadt G\u00f6ttingen.<\/h3>\n<div class='watch-action'><div class='watch-position align-right'><div class='action-like'><a class='lbg-style1 like-3085 jlk' href='javascript:void(0)' data-task='like' data-post_id='3085' data-nonce='166a765446' rel='nofollow'><img class='wti-pixel' src='https:\/\/www.einjahrzitate.de\/wp-content\/plugins\/wti-like-post\/images\/pixel.gif' title='Interessant' \/><span class='lc-3085 lc'>0<\/span><\/a><\/div><\/div> <div class='status-3085 status align-right'><\/div><\/div><div class='wti-clear'><\/div>","protected":false},"excerpt":{"rendered":"<p>Lou Andreas-Salom\u00e9 wurde am 12. Februar 1861 in St. Petersburg geboren. Sie hatte f\u00fcnf \u00e4ltere Br\u00fcder und erhielt Privatunterricht. Im Jahr 1881 schrieb sie sich als Gasth\u00f6rerin an der Universit\u00e4t in Z\u00fcrich ein. Aus gesundheitlichen Gr\u00fcnden zog sie mit ihrer Mutter nach Rom, wo sie Friedrich Nietzsche und dessen Freund Paul R\u00e9e kennenlernte. Es entwickelte [&hellip;]<\/p>\n","protected":false},"author":1,"featured_media":0,"parent":0,"menu_order":0,"comment_status":"closed","ping_status":"closed","template":"","meta":{"_monsterinsights_skip_tracking":false,"_monsterinsights_sitenote_active":false,"_monsterinsights_sitenote_note":"","_monsterinsights_sitenote_category":0,"footnotes":""},"class_list":["post-3085","page","type-page","status-publish","hentry"],"_links":{"self":[{"href":"https:\/\/www.einjahrzitate.de\/index.php?rest_route=\/wp\/v2\/pages\/3085","targetHints":{"allow":["GET"]}}],"collection":[{"href":"https:\/\/www.einjahrzitate.de\/index.php?rest_route=\/wp\/v2\/pages"}],"about":[{"href":"https:\/\/www.einjahrzitate.de\/index.php?rest_route=\/wp\/v2\/types\/page"}],"author":[{"embeddable":true,"href":"https:\/\/www.einjahrzitate.de\/index.php?rest_route=\/wp\/v2\/users\/1"}],"replies":[{"embeddable":true,"href":"https:\/\/www.einjahrzitate.de\/index.php?rest_route=%2Fwp%2Fv2%2Fcomments&post=3085"}],"version-history":[{"count":1,"href":"https:\/\/www.einjahrzitate.de\/index.php?rest_route=\/wp\/v2\/pages\/3085\/revisions"}],"predecessor-version":[{"id":3262,"href":"https:\/\/www.einjahrzitate.de\/index.php?rest_route=\/wp\/v2\/pages\/3085\/revisions\/3262"}],"wp:attachment":[{"href":"https:\/\/www.einjahrzitate.de\/index.php?rest_route=%2Fwp%2Fv2%2Fmedia&parent=3085"}],"curies":[{"name":"wp","href":"https:\/\/api.w.org\/{rel}","templated":true}]}}