{"id":2745,"date":"2023-12-23T17:52:36","date_gmt":"2023-12-23T16:52:36","guid":{"rendered":"https:\/\/www.einjahrzitate.de\/?page_id=2745"},"modified":"2023-12-25T16:55:35","modified_gmt":"2023-12-25T15:55:35","slug":"joseph-roth","status":"publish","type":"page","link":"https:\/\/www.einjahrzitate.de\/?page_id=2745","title":{"rendered":"Joseph Roth"},"content":{"rendered":"<h3><span style=\"color: #3366ff;\">Joseph Roth<\/span>  wurde am 2. September 1894 in Brody, Ostgalizien geboren. Er war zwanzig Jahre alt und Pazifist, als der Erste Weltkrieg ausbrach. Zwei Jahre sp\u00e4ter gab er seine pazifistische Haltung auf und meldete sich freiwillig zum Milit\u00e4rdienst. Nach dem Krieg und der Aufl\u00f6sung der \u00d6sterreich-Ungarischen Monarchie arbeitete Roth als Journalist in Wien und danach in Berlin. Er schrieb auch f\u00fcr die <i>Frankfurter Zeitung<\/i>, in der sein  Roman <i>Radetzkymarsch<\/i> als Feuilletonroman erschien. Am 5. M\u00e4rz 1922 hatte er Friederike, genannt Friedl, Reichler geheiratet. Als bei seiner Frau Schizophrenie diagnostiziert wurde und sie im Jahr 1928 in eine Heilanstalt kam, begann Joseph Roth stark zu trinken. 1929 lernte er Andrea Manga Bell kennen. Nachdem die Nationalsozialisten 1933 die Macht ergriffen, verlie\u00df Joseph Roth Deutschland und emigrierte nach Paris. Andrea Manga Bell folgte ihm mit ihren zwei Kindern. Aber sie begann an Roths Alkoholsucht und Eifersucht zu verzweifeln. Ab Juni 1934 hielt sich Joseph Roth mit ihr und anderen Emigranten ein Jahr lang an der franz\u00f6sischen Rieviera auf. Zur\u00fcck in Paris lebte Joseph Roth von 1936 bis 1938  mit der Schriftstellerin Irmgard Keun zusammen, die ebenfalls alkoholabh\u00e4ngig war. Aufgrund seines starken Alkoholkonsums und finanzieller Schwierigkeiten ging es Roth schlechter und schlechter. Er fand eine Unterkunft in einem bauf\u00e4lligen Hotel in der rue de Tournon. Als das Hotel abgerissen wurde, wohnte er in einem kleinen Zimmer im H\u00f4tel de la Poste, direkt \u00fcber seinem Stammcaf\u00e9. Joseph Roth starb am 27. Mai 1939. Sein Grab befindet sich auf dem Friedhof von Thiais, einem Ort im S\u00fcden von Paris.<\/h3>\n<div class='watch-action'><div class='watch-position align-right'><div class='action-like'><a class='lbg-style1 like-2745 jlk' href='javascript:void(0)' data-task='like' data-post_id='2745' data-nonce='166a765446' rel='nofollow'><img class='wti-pixel' src='https:\/\/www.einjahrzitate.de\/wp-content\/plugins\/wti-like-post\/images\/pixel.gif' title='Interessant' \/><span class='lc-2745 lc'>0<\/span><\/a><\/div><\/div> <div class='status-2745 status align-right'><\/div><\/div><div class='wti-clear'><\/div>","protected":false},"excerpt":{"rendered":"<p>Joseph Roth wurde am 2. September 1894 in Brody, Ostgalizien geboren. Er war zwanzig Jahre alt und Pazifist, als der Erste Weltkrieg ausbrach. Zwei Jahre sp\u00e4ter gab er seine pazifistische Haltung auf und meldete sich freiwillig zum Milit\u00e4rdienst. Nach dem Krieg und der Aufl\u00f6sung der \u00d6sterreich-Ungarischen Monarchie arbeitete Roth als Journalist in Wien und danach [&hellip;]<\/p>\n","protected":false},"author":1,"featured_media":0,"parent":0,"menu_order":0,"comment_status":"closed","ping_status":"closed","template":"","meta":{"_monsterinsights_skip_tracking":false,"_monsterinsights_sitenote_active":false,"_monsterinsights_sitenote_note":"","_monsterinsights_sitenote_category":0,"footnotes":""},"class_list":["post-2745","page","type-page","status-publish","hentry"],"_links":{"self":[{"href":"https:\/\/www.einjahrzitate.de\/index.php?rest_route=\/wp\/v2\/pages\/2745","targetHints":{"allow":["GET"]}}],"collection":[{"href":"https:\/\/www.einjahrzitate.de\/index.php?rest_route=\/wp\/v2\/pages"}],"about":[{"href":"https:\/\/www.einjahrzitate.de\/index.php?rest_route=\/wp\/v2\/types\/page"}],"author":[{"embeddable":true,"href":"https:\/\/www.einjahrzitate.de\/index.php?rest_route=\/wp\/v2\/users\/1"}],"replies":[{"embeddable":true,"href":"https:\/\/www.einjahrzitate.de\/index.php?rest_route=%2Fwp%2Fv2%2Fcomments&post=2745"}],"version-history":[{"count":0,"href":"https:\/\/www.einjahrzitate.de\/index.php?rest_route=\/wp\/v2\/pages\/2745\/revisions"}],"wp:attachment":[{"href":"https:\/\/www.einjahrzitate.de\/index.php?rest_route=%2Fwp%2Fv2%2Fmedia&parent=2745"}],"curies":[{"name":"wp","href":"https:\/\/api.w.org\/{rel}","templated":true}]}}

<h3><span style="color: #3366ff;">Joseph Roth</span>  wurde am 2. September 1894 in Brody, Ostgalizien geboren. Er war zwanzig Jahre alt und Pazifist, als der Erste Weltkrieg ausbrach. Zwei Jahre später gab er seine pazifistische Haltung auf und meldete sich freiwillig zum Militärdienst. Nach dem Krieg und der Auflösung der Österreich-Ungarischen Monarchie arbeitete Roth als Journalist in Wien und danach in Berlin. Er schrieb auch für die <i>Frankfurter Zeitung</i>, in der sein  Roman <i>Radetzkymarsch</i> als Feuilletonroman erschien. Am 5. März 1922 hatte er Friederike, genannt Friedl, Reichler geheiratet. Als bei seiner Frau Schizophrenie diagnostiziert wurde und sie im Jahr 1928 in eine Heilanstalt kam, begann Joseph Roth stark zu trinken. 1929 lernte er Andrea Manga Bell kennen. Nachdem die Nationalsozialisten 1933 die Macht ergriffen, verließ Joseph Roth Deutschland und emigrierte nach Paris. Andrea Manga Bell folgte ihm mit ihren zwei Kindern. Aber sie begann an Roths Alkoholsucht und Eifersucht zu verzweifeln. Ab Juni 1934 hielt sich Joseph Roth mit ihr und anderen Emigranten ein Jahr lang an der französischen Rieviera auf. Zurück in Paris lebte Joseph Roth von 1936 bis 1938  mit der Schriftstellerin Irmgard Keun zusammen, die ebenfalls alkoholabhängig war. Aufgrund seines starken Alkoholkonsums und finanzieller Schwierigkeiten ging es Roth schlechter und schlechter. Er fand eine Unterkunft in einem baufälligen Hotel in der rue de Tournon. Als das Hotel abgerissen wurde, wohnte er in einem kleinen Zimmer im Hôtel de la Poste, direkt über seinem Stammcafé. Joseph Roth starb am 27. Mai 1939. Sein Grab befindet sich auf dem Friedhof von Thiais, einem Ort im Süden von Paris.</h3>
<div class='watch-action'><div class='watch-position align-right'><div class='action-like'><a class='lbg-style1 like-2745 jlk' href='javascript:void(0)' data-task='like' data-post_id='2745' data-nonce='166a765446' rel='nofollow'><img class='wti-pixel' src='https://www.einjahrzitate.de/wp-content/plugins/wti-like-post/images/pixel.gif' title='Interessant' /><span class='lc-2745 lc'>0</span></a></div></div> <div class='status-2745 status align-right'></div></div><div class='wti-clear'></div>

<p>Joseph Roth wurde am 2. September 1894 in Brody, Ostgalizien geboren. Er war zwanzig Jahre alt und Pazifist, als der Erste Weltkrieg ausbrach. Zwei Jahre später gab er seine pazifistische Haltung auf und meldete sich freiwillig zum Militärdienst. Nach dem Krieg und der Auflösung der Österreich-Ungarischen Monarchie arbeitete Roth als Journalist in Wien und danach [&hellip;]</p>
