{"id":265,"date":"2013-12-24T21:04:27","date_gmt":"2013-12-24T20:04:27","guid":{"rendered":"http:\/\/www.einjahrzitate.de\/?page_id=265"},"modified":"2019-06-02T08:42:53","modified_gmt":"2019-06-02T07:42:53","slug":"willy-brandt","status":"publish","type":"page","link":"https:\/\/www.einjahrzitate.de\/?page_id=265","title":{"rendered":"Willy Brandt"},"content":{"rendered":"<h3><span style=\"color: #3366ff;\">Willy Brandt<\/span> wurde am 18. Dezember 1913 in L\u00fcbeck geboren. Durch seinen Stiefgro\u00dfvater Ludwig Frahm, der der Sozialdemokratischen Partei Deutschlands (SPD) angeh\u00f6rte, kam er 1925 in eine Kindergruppe dieser Partei.<br \/>\n1932 machte er sein Abitur, und ein Jahr sp\u00e4ter floh er vor den Nazis nach Norwegen. Auf verschiedenen Wegen leistete er Widerstand gegen den Faschismus. Nach dem Krieg war Willy Brandt von 1957 bis 1966 Regierender B\u00fcrgermeister von Berlin. W\u00e4hrend seiner Amtszeit besuchte der amerikanische Pr\u00e4sident John F. Kennedy Berlin und rief vom Sch\u00f6neberger Rathaus der begeisterten Menschenmenge \u201eIch bin ein Berliner\u00a0\u00bb zu. 1966 wurde Willy Brandt Au\u00dfenminister. 1969 wurde er zum Bundeskanzler gew\u00e4hlt. Willy Brandt leitete mit seiner sozialliberalen Koalition die Entspannungspolitik mit der Sowjetunion, Polen und der DDR ein. W\u00e4hrend seines Polenbesuchs im Jahr 1970 sank Willy Brandt vor dem Ehrenmal der Helden des Ghettos in Warschau spontan in die Knie. F\u00fcr seine Politik der V\u00f6lkerverst\u00e4ndigung und der Ann\u00e4herung zwischen Ost und West wurde Willy Brandt 1971 mit dem Friedensnobelpreis ausgezeichnet. 1974 trat er wegen der Guillaume Aff\u00e4re vom Amt des Bundeskanzlers zur\u00fcck. G\u00fcnter Guillaume, einer seiner engen Mitarbeiter war als ein Spion der DDR enttarnt worden. Von 1964 bis 1987 war Willy Brandt Vorsitzender der SPD, und von 1976 bis zum Jahr seines Todes begleitete er das Pr\u00e4sidentenamt der Sozialistischen Internationale. Willy Brandt starb am 8. Oktober 1992 in Unkel. Sein Ehrengrab befindet sich in Berlin auf dem Waldfriedhof Zehlendorf.<\/h3>\n<div class='watch-action'><div class='watch-position align-right'><div class='action-like'><a class='lbg-style1 like-265 jlk' href='javascript:void(0)' data-task='like' data-post_id='265' data-nonce='b5ccdaea7f' rel='nofollow'><img class='wti-pixel' src='https:\/\/www.einjahrzitate.de\/wp-content\/plugins\/wti-like-post\/images\/pixel.gif' title='Interessant' \/><span class='lc-265 lc'>0<\/span><\/a><\/div><\/div> <div class='status-265 status align-right'><\/div><\/div><div class='wti-clear'><\/div>","protected":false},"excerpt":{"rendered":"<p>Willy Brandt wurde am 18. Dezember 1913 in L\u00fcbeck geboren. Durch seinen Stiefgro\u00dfvater Ludwig Frahm, der der Sozialdemokratischen Partei Deutschlands (SPD) angeh\u00f6rte, kam er 1925 in eine Kindergruppe dieser Partei. 1932 machte er sein Abitur, und ein Jahr sp\u00e4ter floh er vor den Nazis nach Norwegen. Auf verschiedenen Wegen leistete er Widerstand gegen den Faschismus. [&hellip;]<\/p>\n","protected":false},"author":1,"featured_media":0,"parent":0,"menu_order":0,"comment_status":"closed","ping_status":"closed","template":"","meta":{"_monsterinsights_skip_tracking":false,"_monsterinsights_sitenote_active":false,"_monsterinsights_sitenote_note":"","_monsterinsights_sitenote_category":0,"footnotes":""},"class_list":["post-265","page","type-page","status-publish","hentry"],"_links":{"self":[{"href":"https:\/\/www.einjahrzitate.de\/index.php?rest_route=\/wp\/v2\/pages\/265","targetHints":{"allow":["GET"]}}],"collection":[{"href":"https:\/\/www.einjahrzitate.de\/index.php?rest_route=\/wp\/v2\/pages"}],"about":[{"href":"https:\/\/www.einjahrzitate.de\/index.php?rest_route=\/wp\/v2\/types\/page"}],"author":[{"embeddable":true,"href":"https:\/\/www.einjahrzitate.de\/index.php?rest_route=\/wp\/v2\/users\/1"}],"replies":[{"embeddable":true,"href":"https:\/\/www.einjahrzitate.de\/index.php?rest_route=%2Fwp%2Fv2%2Fcomments&post=265"}],"version-history":[{"count":0,"href":"https:\/\/www.einjahrzitate.de\/index.php?rest_route=\/wp\/v2\/pages\/265\/revisions"}],"wp:attachment":[{"href":"https:\/\/www.einjahrzitate.de\/index.php?rest_route=%2Fwp%2Fv2%2Fmedia&parent=265"}],"curies":[{"name":"wp","href":"https:\/\/api.w.org\/{rel}","templated":true}]}}

<h3><span style="color: #3366ff;">Willy Brandt</span> wurde am 18. Dezember 1913 in Lübeck geboren. Durch seinen Stiefgroßvater Ludwig Frahm, der der Sozialdemokratischen Partei Deutschlands (SPD) angehörte, kam er 1925 in eine Kindergruppe dieser Partei.<br />
1932 machte er sein Abitur, und ein Jahr später floh er vor den Nazis nach Norwegen. Auf verschiedenen Wegen leistete er Widerstand gegen den Faschismus. Nach dem Krieg war Willy Brandt von 1957 bis 1966 Regierender Bürgermeister von Berlin. Während seiner Amtszeit besuchte der amerikanische Präsident John F. Kennedy Berlin und rief vom Schöneberger Rathaus der begeisterten Menschenmenge „Ich bin ein Berliner » zu. 1966 wurde Willy Brandt Außenminister. 1969 wurde er zum Bundeskanzler gewählt. Willy Brandt leitete mit seiner sozialliberalen Koalition die Entspannungspolitik mit der Sowjetunion, Polen und der DDR ein. Während seines Polenbesuchs im Jahr 1970 sank Willy Brandt vor dem Ehrenmal der Helden des Ghettos in Warschau spontan in die Knie. Für seine Politik der Völkerverständigung und der Annäherung zwischen Ost und West wurde Willy Brandt 1971 mit dem Friedensnobelpreis ausgezeichnet. 1974 trat er wegen der Guillaume Affäre vom Amt des Bundeskanzlers zurück. Günter Guillaume, einer seiner engen Mitarbeiter war als ein Spion der DDR enttarnt worden. Von 1964 bis 1987 war Willy Brandt Vorsitzender der SPD, und von 1976 bis zum Jahr seines Todes begleitete er das Präsidentenamt der Sozialistischen Internationale. Willy Brandt starb am 8. Oktober 1992 in Unkel. Sein Ehrengrab befindet sich in Berlin auf dem Waldfriedhof Zehlendorf.</h3>
<div class='watch-action'><div class='watch-position align-right'><div class='action-like'><a class='lbg-style1 like-265 jlk' href='javascript:void(0)' data-task='like' data-post_id='265' data-nonce='b5ccdaea7f' rel='nofollow'><img class='wti-pixel' src='https://www.einjahrzitate.de/wp-content/plugins/wti-like-post/images/pixel.gif' title='Interessant' /><span class='lc-265 lc'>0</span></a></div></div> <div class='status-265 status align-right'></div></div><div class='wti-clear'></div>

<p>Willy Brandt wurde am 18. Dezember 1913 in Lübeck geboren. Durch seinen Stiefgroßvater Ludwig Frahm, der der Sozialdemokratischen Partei Deutschlands (SPD) angehörte, kam er 1925 in eine Kindergruppe dieser Partei. 1932 machte er sein Abitur, und ein Jahr später floh er vor den Nazis nach Norwegen. Auf verschiedenen Wegen leistete er Widerstand gegen den Faschismus. [&hellip;]</p>
