{"id":2552,"date":"2022-09-25T18:59:29","date_gmt":"2022-09-25T17:59:29","guid":{"rendered":"https:\/\/www.einjahrzitate.de\/?page_id=2552"},"modified":"2022-09-26T17:33:10","modified_gmt":"2022-09-26T16:33:10","slug":"jacques-loew","status":"publish","type":"page","link":"https:\/\/www.einjahrzitate.de\/?page_id=2552","title":{"rendered":"Jacques Loew"},"content":{"rendered":"<h3><span style=\"color: #3366ff;\">Jacques Loew<\/span> wurde am 31. August 1908 in Clermont-Ferrand geboren. Nach seinem Jurastudium war er als Rechtsanwalt in Nizza t\u00e4tig, wo er ein mond\u00e4nes Leben f\u00fchrte. W\u00e4hrend eines Aufenthalts in einem Schweizer Sanatorium verbrachte Jacques Loew die Karwoche bei den Kart\u00e4usern in La Valsainte.<\/p>\n<p>Dort las er das Evangelium und hatte ein mystisches Erlebnis beim Betrachten einer Schneeflocke, was ihn zu einer Umkehr in seinem Leben brachte. Jacques Loew trat in das Noviziat des Dominikanerordens ein und wurde am 29. Oktober 1939  zum Priester geweiht. Kurze Zeit darauf wurde er Arbeiterpriester. Er arbeitete als Docker im Hafen von Marseille. Gleichzeitig erstellte er mehrere Studien \u00fcber die Arbeit der Docker, was zu einer Verbesserung ihrer Arbeitsbedingungen f\u00fchrte.<br \/>\nIm Jahr 1954 erhielten die Arbeiterpriester von der kirchlichen Hierarchie die Anweisung, ihre Arbeit einzustellen. Jacques Loew befolgte sein Gehorsamsgel\u00fcbde und machte seinen Arbeitskollegen davon Mitteilung.<br \/>\nDaraufhin g\u00fcndete Jacques Loew gemeinsam mit Laien und anderen Priestern die Arbeitermission St. Peter und Paul (MOPP). Im Auftrag der MOPP war er in den sechziger Jahren in Brasilien t\u00e4tig, wo er zu der Gr\u00fcndung von Gemeinden beitrug.<br \/>\nAuf Anfrage des Priesters Ren\u00e9 Voillaume gr\u00fcndete Jacques Loew im Jahr 1968 die Ecole de Foi in Fribourg in der Schweiz, die bald darauf weitere Schulen in Europa und in Afrika er\u00f6ffnete.<br \/>\nSeit dem Jahr 1981 f\u00fchrte Jacques Loew ein von der Welt abgeschiedenes Leben. Zuerst verweilte er bei den Zisterziensern im Kloster C\u00eeteaux und danach bei den Trappisten im Kloster Tami\u00e9. Daraufhin zog er sich zu den Eremiten in die Einsiedelei in Saint-Jean-de-l&rsquo;Alb\u00e8re zur\u00fcck. Schlie\u00dflich lie\u00df er sich bei den Zisterziensern in der Abtei \u00c9chourgnac nieder.  Dort starb Jacques Loew am 14. Februar 1999. <\/h3>\n<div class='watch-action'><div class='watch-position align-right'><div class='action-like'><a class='lbg-style1 like-2552 jlk' href='javascript:void(0)' data-task='like' data-post_id='2552' data-nonce='166a765446' rel='nofollow'><img class='wti-pixel' src='https:\/\/www.einjahrzitate.de\/wp-content\/plugins\/wti-like-post\/images\/pixel.gif' title='Interessant' \/><span class='lc-2552 lc'>0<\/span><\/a><\/div><\/div> <div class='status-2552 status align-right'><\/div><\/div><div class='wti-clear'><\/div>","protected":false},"excerpt":{"rendered":"<p>Jacques Loew wurde am 31. August 1908 in Clermont-Ferrand geboren. Nach seinem Jurastudium war er als Rechtsanwalt in Nizza t\u00e4tig, wo er ein mond\u00e4nes Leben f\u00fchrte. W\u00e4hrend eines Aufenthalts in einem Schweizer Sanatorium verbrachte Jacques Loew die Karwoche bei den Kart\u00e4usern in La Valsainte. Dort las er das Evangelium und hatte ein mystisches Erlebnis beim [&hellip;]<\/p>\n","protected":false},"author":1,"featured_media":0,"parent":0,"menu_order":0,"comment_status":"closed","ping_status":"closed","template":"","meta":{"_monsterinsights_skip_tracking":false,"_monsterinsights_sitenote_active":false,"_monsterinsights_sitenote_note":"","_monsterinsights_sitenote_category":0,"footnotes":""},"class_list":["post-2552","page","type-page","status-publish","hentry"],"_links":{"self":[{"href":"https:\/\/www.einjahrzitate.de\/index.php?rest_route=\/wp\/v2\/pages\/2552","targetHints":{"allow":["GET"]}}],"collection":[{"href":"https:\/\/www.einjahrzitate.de\/index.php?rest_route=\/wp\/v2\/pages"}],"about":[{"href":"https:\/\/www.einjahrzitate.de\/index.php?rest_route=\/wp\/v2\/types\/page"}],"author":[{"embeddable":true,"href":"https:\/\/www.einjahrzitate.de\/index.php?rest_route=\/wp\/v2\/users\/1"}],"replies":[{"embeddable":true,"href":"https:\/\/www.einjahrzitate.de\/index.php?rest_route=%2Fwp%2Fv2%2Fcomments&post=2552"}],"version-history":[{"count":0,"href":"https:\/\/www.einjahrzitate.de\/index.php?rest_route=\/wp\/v2\/pages\/2552\/revisions"}],"wp:attachment":[{"href":"https:\/\/www.einjahrzitate.de\/index.php?rest_route=%2Fwp%2Fv2%2Fmedia&parent=2552"}],"curies":[{"name":"wp","href":"https:\/\/api.w.org\/{rel}","templated":true}]}}

<h3><span style="color: #3366ff;">Jacques Loew</span> wurde am 31. August 1908 in Clermont-Ferrand geboren. Nach seinem Jurastudium war er als Rechtsanwalt in Nizza tätig, wo er ein mondänes Leben führte. Während eines Aufenthalts in einem Schweizer Sanatorium verbrachte Jacques Loew die Karwoche bei den Kartäusern in La Valsainte.</p>
<p>Dort las er das Evangelium und hatte ein mystisches Erlebnis beim Betrachten einer Schneeflocke, was ihn zu einer Umkehr in seinem Leben brachte. Jacques Loew trat in das Noviziat des Dominikanerordens ein und wurde am 29. Oktober 1939  zum Priester geweiht. Kurze Zeit darauf wurde er Arbeiterpriester. Er arbeitete als Docker im Hafen von Marseille. Gleichzeitig erstellte er mehrere Studien über die Arbeit der Docker, was zu einer Verbesserung ihrer Arbeitsbedingungen führte.<br />
Im Jahr 1954 erhielten die Arbeiterpriester von der kirchlichen Hierarchie die Anweisung, ihre Arbeit einzustellen. Jacques Loew befolgte sein Gehorsamsgelübde und machte seinen Arbeitskollegen davon Mitteilung.<br />
Daraufhin gündete Jacques Loew gemeinsam mit Laien und anderen Priestern die Arbeitermission St. Peter und Paul (MOPP). Im Auftrag der MOPP war er in den sechziger Jahren in Brasilien tätig, wo er zu der Gründung von Gemeinden beitrug.<br />
Auf Anfrage des Priesters René Voillaume gründete Jacques Loew im Jahr 1968 die Ecole de Foi in Fribourg in der Schweiz, die bald darauf weitere Schulen in Europa und in Afrika eröffnete.<br />
Seit dem Jahr 1981 führte Jacques Loew ein von der Welt abgeschiedenes Leben. Zuerst verweilte er bei den Zisterziensern im Kloster Cîteaux und danach bei den Trappisten im Kloster Tamié. Daraufhin zog er sich zu den Eremiten in die Einsiedelei in Saint-Jean-de-l&rsquo;Albère zurück. Schließlich ließ er sich bei den Zisterziensern in der Abtei Échourgnac nieder.  Dort starb Jacques Loew am 14. Februar 1999. </h3>
<div class='watch-action'><div class='watch-position align-right'><div class='action-like'><a class='lbg-style1 like-2552 jlk' href='javascript:void(0)' data-task='like' data-post_id='2552' data-nonce='166a765446' rel='nofollow'><img class='wti-pixel' src='https://www.einjahrzitate.de/wp-content/plugins/wti-like-post/images/pixel.gif' title='Interessant' /><span class='lc-2552 lc'>0</span></a></div></div> <div class='status-2552 status align-right'></div></div><div class='wti-clear'></div>

<p>Jacques Loew wurde am 31. August 1908 in Clermont-Ferrand geboren. Nach seinem Jurastudium war er als Rechtsanwalt in Nizza tätig, wo er ein mondänes Leben führte. Während eines Aufenthalts in einem Schweizer Sanatorium verbrachte Jacques Loew die Karwoche bei den Kartäusern in La Valsainte. Dort las er das Evangelium und hatte ein mystisches Erlebnis beim [&hellip;]</p>
