{"id":2091,"date":"2019-03-16T16:12:37","date_gmt":"2019-03-16T15:12:37","guid":{"rendered":"http:\/\/www.einjahrzitate.de\/?page_id=2091"},"modified":"2019-03-16T16:12:37","modified_gmt":"2019-03-16T15:12:37","slug":"honore-de-balzac","status":"publish","type":"page","link":"https:\/\/www.einjahrzitate.de\/?page_id=2091","title":{"rendered":"Honor\u00e9 de Balzac"},"content":{"rendered":"<h3><span style=\"color: #3366ff;\">Honor\u00e9 de Balzac<\/span> wurde am 20. Mai 1799 in Tours geboren. Im Jahr 1816 endete seine Schulzeit, die er am Gymnasium Charlemagne in Paris abschloss, und wonach er Rechtswissenschaften zu studieren begann. Er brach sein Studium ab und schlug eine Shriftstellerlaufbahn ein, bei der ihm sein Vater zu Beginn finanziell unterst\u00fctzte. Der Durchbruch als Schriftsteller gelang Balzac mit seinem historischen Roman <i>Les Chouans<\/i>, der 1829 erschien und den er unter dem Namen Honor\u00e9 de Balzac ver\u00f6ffentlicht hatte. F\u00fcnf Jahre sp\u00e4ter schrieb er an seinem Roman <i>Le P\u00e8re Goriot<\/i>, und er kam hierbei auf den Gedanken, seine Romanfiguren auch in weiteren seiner Werke auftauchen zu lassen. So entstand Balzacs <i>La Com\u00e9die Humaine<\/i>, die ihm zum Ruhm verhalf. <i>La Com\u00e9die Humaine<\/i> mit ihren vielen Personen ist zugleich eine Studie der franz\u00f6sischen Gesellschaft zwischen 1815 und 1848. Balzac schrieb Tag f\u00fcr Tag voller Eifer an diesem immensen Werk. Der Kunstkritiker und Journalist Octave Mirbeau nannte <i>La Com\u00e9die Humaine<\/i> ein \u201e\u0153uvre de divination universelle\u201d. Balzac war nicht nur ein gro\u00dfer Schriftsteller, sondern verkehrte auch in verschiedenen adeligen und b\u00fcrgerlichen Kreisen, machte mehrere Reisen und hatte zahlreiche Liebschaften. Seine gro\u00dfe Liebe wurde die polnische Gr\u00e4fin Ewelina Ha\u0144ska, mit der ihn zuerst ein Briefverkehr verband, bevor er sie 1833 pers\u00f6nlich kennenlernte. Im Jahr 1838 gr\u00fcndete Balzac zusammen mit Victor Hugo, George Sand und Alexandre Dumas <i>La Soci\u00e9t\u00e9 de Gens de Lettres<\/i>, die auch das Urheberrecht eines Schriftstellers verteidigte.Am 14. M\u00e4rz 1850 heiratete Balzac die Gr\u00e4fin Ewelina Ha\u0144ska, die in der Zwischenzeit Witwe geworden war. Sein \u00fcbermenschlicher Schaffensdrang sowie sein starker Kaffeekonsum schw\u00e4chten mit der Zeit seine Gesundheit. Honor\u00e9 de Balzac starb am 18. August 1850 in Paris und wurde auf dem dortigen Friedhof <i>P\u00e8re Lachaise<\/i> beigesetzt.<\/h3>\n<div class='watch-action'><div class='watch-position align-right'><div class='action-like'><a class='lbg-style1 like-2091 jlk' href='javascript:void(0)' data-task='like' data-post_id='2091' data-nonce='166a765446' rel='nofollow'><img class='wti-pixel' src='https:\/\/www.einjahrzitate.de\/wp-content\/plugins\/wti-like-post\/images\/pixel.gif' title='Interessant' \/><span class='lc-2091 lc'>0<\/span><\/a><\/div><\/div> <div class='status-2091 status align-right'><\/div><\/div><div class='wti-clear'><\/div>","protected":false},"excerpt":{"rendered":"<p>Honor\u00e9 de Balzac wurde am 20. Mai 1799 in Tours geboren. Im Jahr 1816 endete seine Schulzeit, die er am Gymnasium Charlemagne in Paris abschloss, und wonach er Rechtswissenschaften zu studieren begann. Er brach sein Studium ab und schlug eine Shriftstellerlaufbahn ein, bei der ihm sein Vater zu Beginn finanziell unterst\u00fctzte. Der Durchbruch als Schriftsteller [&hellip;]<\/p>\n","protected":false},"author":1,"featured_media":0,"parent":0,"menu_order":0,"comment_status":"closed","ping_status":"closed","template":"","meta":{"_monsterinsights_skip_tracking":false,"_monsterinsights_sitenote_active":false,"_monsterinsights_sitenote_note":"","_monsterinsights_sitenote_category":0,"footnotes":""},"class_list":["post-2091","page","type-page","status-publish","hentry"],"_links":{"self":[{"href":"https:\/\/www.einjahrzitate.de\/index.php?rest_route=\/wp\/v2\/pages\/2091","targetHints":{"allow":["GET"]}}],"collection":[{"href":"https:\/\/www.einjahrzitate.de\/index.php?rest_route=\/wp\/v2\/pages"}],"about":[{"href":"https:\/\/www.einjahrzitate.de\/index.php?rest_route=\/wp\/v2\/types\/page"}],"author":[{"embeddable":true,"href":"https:\/\/www.einjahrzitate.de\/index.php?rest_route=\/wp\/v2\/users\/1"}],"replies":[{"embeddable":true,"href":"https:\/\/www.einjahrzitate.de\/index.php?rest_route=%2Fwp%2Fv2%2Fcomments&post=2091"}],"version-history":[{"count":0,"href":"https:\/\/www.einjahrzitate.de\/index.php?rest_route=\/wp\/v2\/pages\/2091\/revisions"}],"wp:attachment":[{"href":"https:\/\/www.einjahrzitate.de\/index.php?rest_route=%2Fwp%2Fv2%2Fmedia&parent=2091"}],"curies":[{"name":"wp","href":"https:\/\/api.w.org\/{rel}","templated":true}]}}