{"id":2030,"date":"2018-07-14T14:36:50","date_gmt":"2018-07-14T13:36:50","guid":{"rendered":"http:\/\/www.einjahrzitate.de\/?page_id=2030"},"modified":"2018-07-14T14:36:50","modified_gmt":"2018-07-14T13:36:50","slug":"henry-dunant","status":"publish","type":"page","link":"https:\/\/www.einjahrzitate.de\/?page_id=2030","title":{"rendered":"Henry Dunant"},"content":{"rendered":"<h3><span style=\"color: #3366ff;\">Henry Dunant<\/span> wurde am 8. Mai 1828 in Genf geboren. Schon als Jugendlicher k\u00fcmmerte er sich um hilfsbed\u00fcrftige Menschen und engagierte sich mit 18 Jahren in der Genfer Soci\u00e9t\u00e9 d&rsquo;Aum\u00f4nes. In Genf besuchte er auch das Coll\u00e8ge Calvin, das er ohne Abschluss verlie\u00df, um eine Banklehre zu machen. In dieser Stadt gr\u00fcndete er im Jahr 1852 mit anderen Gesinnungsfreunden den Christlichen Verein junger M\u00e4nner.  1858 machte er eine Reise nach Algerien, wo er ein M\u00fchlengesch\u00e4ft er\u00f6ffnete. Im Juni des darauffolgenden Jahrs erlebte Henry Dunant die Schlacht von Solferino, in der die Armee \u00d6sterreichs gegen die Truppen von Sardinien-Piemont und Frankreich k\u00e4mpfte. Das Leid der verletzten und sterbenden Menschen pr\u00e4gte sich f\u00fcr immer in  Dunants Ged\u00e4chtnis ein. In seinem Buch Eine Erinnerung an Solferino beschrieb er die grausamen Qualen der Verwundeten und forderte die Gr\u00fcndung einer unabh\u00e4ngigen Organisation, die Sanit\u00e4ter f\u00fcr den Kriegsfall ausbilden sollte. F\u00fcr diese Aufgabe warb er in den folgenden Jahren bei Reisen durch Europa. Im Oktober 1862 wurde die Genfer Gemeinn\u00fctzige Gesellschaft gegr\u00fcndet, der Dunant angeh\u00f6rte und aus der das Rote Kreuz hervorging. Da sein M\u00fchlengesch\u00e4ft in Algerien Konkurs anmelden musste, lebte Henry Dunant jahrelang in \u00e4rmlichen Verh\u00e4ltnissen. Dennoch blieb er in der sozialen F\u00fcrsorge t\u00e4tig und engagierte sich in der Allianz f\u00fcr den Schutz von Arbeitern und in der Allgemeinen Allianz f\u00fcr Ordnung und Zivilisation, die sich der Kriegsgefangenen annahm. Aufgrund seiner Schulden verarmte er immer mehr und war auf die Hilfe von Freunden, G\u00f6nnern und seiner Familie angewiesen. Im Jahr 1881 kam Dunant zum ersten Mal nach Heiden, einer kleinen Ortschaft in dem Schweizer Kanton Appenzell Ausserrhoden, wohin er sechs Jahre sp\u00e4ter zog und seinen Lebensabend verbrachte. 1901 erhielt Henry Dunant zusammen mit Fr\u00e9d\u00e9ric Passy den Friedensnobelpreis. Henry Dunant starb am 30. Oktober 1910 in Heiden.<\/h3>\n<div class='watch-action'><div class='watch-position align-right'><div class='action-like'><a class='lbg-style1 like-2030 jlk' href='javascript:void(0)' data-task='like' data-post_id='2030' data-nonce='166a765446' rel='nofollow'><img class='wti-pixel' src='https:\/\/www.einjahrzitate.de\/wp-content\/plugins\/wti-like-post\/images\/pixel.gif' title='Interessant' \/><span class='lc-2030 lc'>0<\/span><\/a><\/div><\/div> <div class='status-2030 status align-right'><\/div><\/div><div class='wti-clear'><\/div>","protected":false},"excerpt":{"rendered":"<p>Henry Dunant wurde am 8. Mai 1828 in Genf geboren. Schon als Jugendlicher k\u00fcmmerte er sich um hilfsbed\u00fcrftige Menschen und engagierte sich mit 18 Jahren in der Genfer Soci\u00e9t\u00e9 d&rsquo;Aum\u00f4nes. In Genf besuchte er auch das Coll\u00e8ge Calvin, das er ohne Abschluss verlie\u00df, um eine Banklehre zu machen. In dieser Stadt gr\u00fcndete er im Jahr [&hellip;]<\/p>\n","protected":false},"author":1,"featured_media":0,"parent":0,"menu_order":0,"comment_status":"closed","ping_status":"closed","template":"","meta":{"_monsterinsights_skip_tracking":false,"_monsterinsights_sitenote_active":false,"_monsterinsights_sitenote_note":"","_monsterinsights_sitenote_category":0,"footnotes":""},"class_list":["post-2030","page","type-page","status-publish","hentry"],"_links":{"self":[{"href":"https:\/\/www.einjahrzitate.de\/index.php?rest_route=\/wp\/v2\/pages\/2030","targetHints":{"allow":["GET"]}}],"collection":[{"href":"https:\/\/www.einjahrzitate.de\/index.php?rest_route=\/wp\/v2\/pages"}],"about":[{"href":"https:\/\/www.einjahrzitate.de\/index.php?rest_route=\/wp\/v2\/types\/page"}],"author":[{"embeddable":true,"href":"https:\/\/www.einjahrzitate.de\/index.php?rest_route=\/wp\/v2\/users\/1"}],"replies":[{"embeddable":true,"href":"https:\/\/www.einjahrzitate.de\/index.php?rest_route=%2Fwp%2Fv2%2Fcomments&post=2030"}],"version-history":[{"count":0,"href":"https:\/\/www.einjahrzitate.de\/index.php?rest_route=\/wp\/v2\/pages\/2030\/revisions"}],"wp:attachment":[{"href":"https:\/\/www.einjahrzitate.de\/index.php?rest_route=%2Fwp%2Fv2%2Fmedia&parent=2030"}],"curies":[{"name":"wp","href":"https:\/\/api.w.org\/{rel}","templated":true}]}}

<h3><span style="color: #3366ff;">Henry Dunant</span> wurde am 8. Mai 1828 in Genf geboren. Schon als Jugendlicher kümmerte er sich um hilfsbedürftige Menschen und engagierte sich mit 18 Jahren in der Genfer Société d&rsquo;Aumônes. In Genf besuchte er auch das Collège Calvin, das er ohne Abschluss verließ, um eine Banklehre zu machen. In dieser Stadt gründete er im Jahr 1852 mit anderen Gesinnungsfreunden den Christlichen Verein junger Männer.  1858 machte er eine Reise nach Algerien, wo er ein Mühlengeschäft eröffnete. Im Juni des darauffolgenden Jahrs erlebte Henry Dunant die Schlacht von Solferino, in der die Armee Österreichs gegen die Truppen von Sardinien-Piemont und Frankreich kämpfte. Das Leid der verletzten und sterbenden Menschen prägte sich für immer in  Dunants Gedächtnis ein. In seinem Buch Eine Erinnerung an Solferino beschrieb er die grausamen Qualen der Verwundeten und forderte die Gründung einer unabhängigen Organisation, die Sanitäter für den Kriegsfall ausbilden sollte. Für diese Aufgabe warb er in den folgenden Jahren bei Reisen durch Europa. Im Oktober 1862 wurde die Genfer Gemeinnützige Gesellschaft gegründet, der Dunant angehörte und aus der das Rote Kreuz hervorging. Da sein Mühlengeschäft in Algerien Konkurs anmelden musste, lebte Henry Dunant jahrelang in ärmlichen Verhältnissen. Dennoch blieb er in der sozialen Fürsorge tätig und engagierte sich in der Allianz für den Schutz von Arbeitern und in der Allgemeinen Allianz für Ordnung und Zivilisation, die sich der Kriegsgefangenen annahm. Aufgrund seiner Schulden verarmte er immer mehr und war auf die Hilfe von Freunden, Gönnern und seiner Familie angewiesen. Im Jahr 1881 kam Dunant zum ersten Mal nach Heiden, einer kleinen Ortschaft in dem Schweizer Kanton Appenzell Ausserrhoden, wohin er sechs Jahre später zog und seinen Lebensabend verbrachte. 1901 erhielt Henry Dunant zusammen mit Frédéric Passy den Friedensnobelpreis. Henry Dunant starb am 30. Oktober 1910 in Heiden.</h3>
<div class='watch-action'><div class='watch-position align-right'><div class='action-like'><a class='lbg-style1 like-2030 jlk' href='javascript:void(0)' data-task='like' data-post_id='2030' data-nonce='166a765446' rel='nofollow'><img class='wti-pixel' src='https://www.einjahrzitate.de/wp-content/plugins/wti-like-post/images/pixel.gif' title='Interessant' /><span class='lc-2030 lc'>0</span></a></div></div> <div class='status-2030 status align-right'></div></div><div class='wti-clear'></div>

<p>Henry Dunant wurde am 8. Mai 1828 in Genf geboren. Schon als Jugendlicher kümmerte er sich um hilfsbedürftige Menschen und engagierte sich mit 18 Jahren in der Genfer Société d&rsquo;Aumônes. In Genf besuchte er auch das Collège Calvin, das er ohne Abschluss verließ, um eine Banklehre zu machen. In dieser Stadt gründete er im Jahr [&hellip;]</p>
