{"id":1914,"date":"2017-12-03T10:27:23","date_gmt":"2017-12-03T09:27:23","guid":{"rendered":"http:\/\/www.einjahrzitate.de\/?page_id=1914"},"modified":"2017-12-03T10:27:23","modified_gmt":"2017-12-03T09:27:23","slug":"helmut-kohl","status":"publish","type":"page","link":"https:\/\/www.einjahrzitate.de\/?page_id=1914","title":{"rendered":"Helmut Kohl"},"content":{"rendered":"<h3><span style=\"color: #3366ff;\">Helmut Kohl<\/span> wurde am 3. April 1930 in Ludwigshafen geboren. 1948 trat er in die neu gegr\u00fcndete CDU ein und engagierte sich aktiv in der Jungen Union. Nach dem Abitur im Jahr 1950 studierte Kohl an der Universit\u00e4t in Frankfurt am Main und daraufhin an der Heidelberger Universit\u00e4t, an der er mit seiner wissenschaftlichen Arbeit Die politische Entwicklung in der Pfalz und das Wiedererstehen der Parteien nach 1945 promovierte. Von 1969 bis 1976 war Helmut Kohl Ministerpr\u00e4sident von Rheinland-Pfalz. Nachdem die CDU am 3. Oktober 1976 bei der Bundestagswahl die absolute Mehrheit verfehlte, ging Kohl nach Bonn und wurde Fraktionsf\u00fchrer der CDU\/CSU im Bundestag. Seit 1973 war er Vorsitzender der CDU und hatte dieses Amt bis 1998 inne. Von 1982 bis 1998 war Helmut Kohl Bundeskanzler. W\u00e4hrend seiner langen Zeit als Bundeskanzler setzte er sich f\u00fcr die St\u00e4rkung Europas ein. Es kam zu dem Vertrag von Maastricht, mit dem am 7. Februar 1992 die Europ\u00e4ische Union gegr\u00fcndet wurde. Gleichzeitig war Kohl ein Bef\u00fcrworter des Euros. Als Bundeskanzler pflegte Helmut Kohl auch die deutsch-franz\u00f6sische Freundschaft. 1984 traf er sich mit dem franz\u00f6sischen Pr\u00e4sidenten Fran\u00e7ois Mitterand in der Ortschaft Douaumont bei Verdun, \u03c1 der gemeinsamen Toten der beiden Weltkriege zu gedenken. Die beiden Staatsm\u00e4nner hielten sich hierbei einige Minuten lang schweigend bei der Hand. Nachdem am 9. Mai 1998 die Berliner Mauer gefallen war, setzte sich Helmut Kohl f\u00fcr die Wiedervereinigung Deutschlands ein. Er erhielt  daher den Namen Kanzler der Einheit. Helmut Kohls Kanzlerzeit wurde von dem Parteispendenskandal \u00fcberschattet, wobei Kohl sich weigerte die Namen der Spender bekannt zu geben. Ein eingeleitetes Ermittlungsverfahren wurde im Jahr 2001 eingestellt. Helmut Kohl starb am 16. Juni 2017 In Ludwigshafen-Oggersheim. Sein Grab befindet sich auf dem Alten Friedhof in Speyer.<\/h3>\n<div class='watch-action'><div class='watch-position align-right'><div class='action-like'><a class='lbg-style1 like-1914 jlk' href='javascript:void(0)' data-task='like' data-post_id='1914' data-nonce='166a765446' rel='nofollow'><img class='wti-pixel' src='https:\/\/www.einjahrzitate.de\/wp-content\/plugins\/wti-like-post\/images\/pixel.gif' title='Interessant' \/><span class='lc-1914 lc'>0<\/span><\/a><\/div><\/div> <div class='status-1914 status align-right'><\/div><\/div><div class='wti-clear'><\/div>","protected":false},"excerpt":{"rendered":"<p>Helmut Kohl wurde am 3. April 1930 in Ludwigshafen geboren. 1948 trat er in die neu gegr\u00fcndete CDU ein und engagierte sich aktiv in der Jungen Union. Nach dem Abitur im Jahr 1950 studierte Kohl an der Universit\u00e4t in Frankfurt am Main und daraufhin an der Heidelberger Universit\u00e4t, an der er mit seiner wissenschaftlichen Arbeit [&hellip;]<\/p>\n","protected":false},"author":1,"featured_media":0,"parent":0,"menu_order":0,"comment_status":"closed","ping_status":"closed","template":"","meta":{"_monsterinsights_skip_tracking":false,"_monsterinsights_sitenote_active":false,"_monsterinsights_sitenote_note":"","_monsterinsights_sitenote_category":0,"footnotes":""},"class_list":["post-1914","page","type-page","status-publish","hentry"],"_links":{"self":[{"href":"https:\/\/www.einjahrzitate.de\/index.php?rest_route=\/wp\/v2\/pages\/1914","targetHints":{"allow":["GET"]}}],"collection":[{"href":"https:\/\/www.einjahrzitate.de\/index.php?rest_route=\/wp\/v2\/pages"}],"about":[{"href":"https:\/\/www.einjahrzitate.de\/index.php?rest_route=\/wp\/v2\/types\/page"}],"author":[{"embeddable":true,"href":"https:\/\/www.einjahrzitate.de\/index.php?rest_route=\/wp\/v2\/users\/1"}],"replies":[{"embeddable":true,"href":"https:\/\/www.einjahrzitate.de\/index.php?rest_route=%2Fwp%2Fv2%2Fcomments&post=1914"}],"version-history":[{"count":0,"href":"https:\/\/www.einjahrzitate.de\/index.php?rest_route=\/wp\/v2\/pages\/1914\/revisions"}],"wp:attachment":[{"href":"https:\/\/www.einjahrzitate.de\/index.php?rest_route=%2Fwp%2Fv2%2Fmedia&parent=1914"}],"curies":[{"name":"wp","href":"https:\/\/api.w.org\/{rel}","templated":true}]}}

<h3><span style="color: #3366ff;">Helmut Kohl</span> wurde am 3. April 1930 in Ludwigshafen geboren. 1948 trat er in die neu gegründete CDU ein und engagierte sich aktiv in der Jungen Union. Nach dem Abitur im Jahr 1950 studierte Kohl an der Universität in Frankfurt am Main und daraufhin an der Heidelberger Universität, an der er mit seiner wissenschaftlichen Arbeit Die politische Entwicklung in der Pfalz und das Wiedererstehen der Parteien nach 1945 promovierte. Von 1969 bis 1976 war Helmut Kohl Ministerpräsident von Rheinland-Pfalz. Nachdem die CDU am 3. Oktober 1976 bei der Bundestagswahl die absolute Mehrheit verfehlte, ging Kohl nach Bonn und wurde Fraktionsführer der CDU/CSU im Bundestag. Seit 1973 war er Vorsitzender der CDU und hatte dieses Amt bis 1998 inne. Von 1982 bis 1998 war Helmut Kohl Bundeskanzler. Während seiner langen Zeit als Bundeskanzler setzte er sich für die Stärkung Europas ein. Es kam zu dem Vertrag von Maastricht, mit dem am 7. Februar 1992 die Europäische Union gegründet wurde. Gleichzeitig war Kohl ein Befürworter des Euros. Als Bundeskanzler pflegte Helmut Kohl auch die deutsch-französische Freundschaft. 1984 traf er sich mit dem französischen Präsidenten François Mitterand in der Ortschaft Douaumont bei Verdun, ρ der gemeinsamen Toten der beiden Weltkriege zu gedenken. Die beiden Staatsmänner hielten sich hierbei einige Minuten lang schweigend bei der Hand. Nachdem am 9. Mai 1998 die Berliner Mauer gefallen war, setzte sich Helmut Kohl für die Wiedervereinigung Deutschlands ein. Er erhielt  daher den Namen Kanzler der Einheit. Helmut Kohls Kanzlerzeit wurde von dem Parteispendenskandal überschattet, wobei Kohl sich weigerte die Namen der Spender bekannt zu geben. Ein eingeleitetes Ermittlungsverfahren wurde im Jahr 2001 eingestellt. Helmut Kohl starb am 16. Juni 2017 In Ludwigshafen-Oggersheim. Sein Grab befindet sich auf dem Alten Friedhof in Speyer.</h3>
<div class='watch-action'><div class='watch-position align-right'><div class='action-like'><a class='lbg-style1 like-1914 jlk' href='javascript:void(0)' data-task='like' data-post_id='1914' data-nonce='166a765446' rel='nofollow'><img class='wti-pixel' src='https://www.einjahrzitate.de/wp-content/plugins/wti-like-post/images/pixel.gif' title='Interessant' /><span class='lc-1914 lc'>0</span></a></div></div> <div class='status-1914 status align-right'></div></div><div class='wti-clear'></div>

<p>Helmut Kohl wurde am 3. April 1930 in Ludwigshafen geboren. 1948 trat er in die neu gegründete CDU ein und engagierte sich aktiv in der Jungen Union. Nach dem Abitur im Jahr 1950 studierte Kohl an der Universität in Frankfurt am Main und daraufhin an der Heidelberger Universität, an der er mit seiner wissenschaftlichen Arbeit [&hellip;]</p>
