{"id":1651,"date":"2017-01-22T16:37:51","date_gmt":"2017-01-22T15:37:51","guid":{"rendered":"http:\/\/www.einjahrzitate.de\/?page_id=1651"},"modified":"2017-01-22T16:37:51","modified_gmt":"2017-01-22T15:37:51","slug":"helene-lange","status":"publish","type":"page","link":"https:\/\/www.einjahrzitate.de\/?page_id=1651","title":{"rendered":"Helene Lange"},"content":{"rendered":"<h3><span style=\"color: #3366ff;\">Helene Lange<\/span> wurde am 9. April 1948 in Oldenburg geboren. 1871 bestand sie ihr Examen am Lehrerinnenseminar. Sie war zun\u00e4chst als Hauslehrerin t\u00e4tig und trat dem Verein deutscher Lehrerinnen und Erzieherinnen bei. Danach arbeitete sie als Lehrerin an privaten h\u00f6heren M\u00e4dchenschulen in Berlin. Sie emp\u00f6rte sich gegen die bestehende Ungleicheit zwischen Jungen und M\u00e4dchen im h\u00f6heren Bildungswesen. 1887 ver\u00f6ffentlichte Helene Lange eine Schrift, in der sie auch f\u00fcr M\u00e4dchen den Zugang zu einer akademischen Ausbildung forderte. Wegen ihres gelben Einbands wurde diese Schrift <i>Die gelbe Brosch\u00fcre<\/i> genannt. Diese Schrift wurde als Petition dem Preu\u00dfischen Abgeordnetenhaus vorgelegt, das sie nach einem Jahr ablehnte.1890 gr\u00fcndete Helene Lange den Allgemeinen Deutschen Lehrerinnenverein. Im M\u00e4rz 1894 wurde der Bund Deutscher Frauenvereine gegr\u00fcndet, derem Vorstand Helene Lange bis 1905 angeh\u00f6rte. Sie beteiligte sich auch an der Herausgabe der Monatszeitschrift Die Frau. Von 1906\u20131908 arbeitete sie als Beraterin an der preu\u00dfischen M\u00e4dchenschulreform mit. W\u00e4hrend des Ersten Weltkriegs beteiligte sich Helene Lange am Nationalen Frauendienst, der sich um kriegsbedingte Probleme k\u00fcmmerte. Als in der Weimarer Republik den Frauen das aktive und passive Wahlrecht zugesprochen wurde, kandidierte Helene Lange f\u00fcr die Deutsche Demokratische Partei und wurde f\u00fcr zwei Jahre in die Hamburgische B\u00fcrgerschaft gew\u00e4hlt. Helene Lange starb am 13. Mai 1930 in Berlin.<\/h3>\n<div class='watch-action'><div class='watch-position align-right'><div class='action-like'><a class='lbg-style1 like-1651 jlk' href='javascript:void(0)' data-task='like' data-post_id='1651' data-nonce='166a765446' rel='nofollow'><img class='wti-pixel' src='https:\/\/www.einjahrzitate.de\/wp-content\/plugins\/wti-like-post\/images\/pixel.gif' title='Interessant' \/><span class='lc-1651 lc'>0<\/span><\/a><\/div><\/div> <div class='status-1651 status align-right'><\/div><\/div><div class='wti-clear'><\/div>","protected":false},"excerpt":{"rendered":"<p>Helene Lange wurde am 9. April 1948 in Oldenburg geboren. 1871 bestand sie ihr Examen am Lehrerinnenseminar. Sie war zun\u00e4chst als Hauslehrerin t\u00e4tig und trat dem Verein deutscher Lehrerinnen und Erzieherinnen bei. Danach arbeitete sie als Lehrerin an privaten h\u00f6heren M\u00e4dchenschulen in Berlin. Sie emp\u00f6rte sich gegen die bestehende Ungleicheit zwischen Jungen und M\u00e4dchen im [&hellip;]<\/p>\n","protected":false},"author":1,"featured_media":0,"parent":0,"menu_order":0,"comment_status":"closed","ping_status":"closed","template":"","meta":{"_monsterinsights_skip_tracking":false,"_monsterinsights_sitenote_active":false,"_monsterinsights_sitenote_note":"","_monsterinsights_sitenote_category":0,"footnotes":""},"class_list":["post-1651","page","type-page","status-publish","hentry"],"_links":{"self":[{"href":"https:\/\/www.einjahrzitate.de\/index.php?rest_route=\/wp\/v2\/pages\/1651","targetHints":{"allow":["GET"]}}],"collection":[{"href":"https:\/\/www.einjahrzitate.de\/index.php?rest_route=\/wp\/v2\/pages"}],"about":[{"href":"https:\/\/www.einjahrzitate.de\/index.php?rest_route=\/wp\/v2\/types\/page"}],"author":[{"embeddable":true,"href":"https:\/\/www.einjahrzitate.de\/index.php?rest_route=\/wp\/v2\/users\/1"}],"replies":[{"embeddable":true,"href":"https:\/\/www.einjahrzitate.de\/index.php?rest_route=%2Fwp%2Fv2%2Fcomments&post=1651"}],"version-history":[{"count":0,"href":"https:\/\/www.einjahrzitate.de\/index.php?rest_route=\/wp\/v2\/pages\/1651\/revisions"}],"wp:attachment":[{"href":"https:\/\/www.einjahrzitate.de\/index.php?rest_route=%2Fwp%2Fv2%2Fmedia&parent=1651"}],"curies":[{"name":"wp","href":"https:\/\/api.w.org\/{rel}","templated":true}]}}

<h3><span style="color: #3366ff;">Helene Lange</span> wurde am 9. April 1948 in Oldenburg geboren. 1871 bestand sie ihr Examen am Lehrerinnenseminar. Sie war zunächst als Hauslehrerin tätig und trat dem Verein deutscher Lehrerinnen und Erzieherinnen bei. Danach arbeitete sie als Lehrerin an privaten höheren Mädchenschulen in Berlin. Sie empörte sich gegen die bestehende Ungleicheit zwischen Jungen und Mädchen im höheren Bildungswesen. 1887 veröffentlichte Helene Lange eine Schrift, in der sie auch für Mädchen den Zugang zu einer akademischen Ausbildung forderte. Wegen ihres gelben Einbands wurde diese Schrift <i>Die gelbe Broschüre</i> genannt. Diese Schrift wurde als Petition dem Preußischen Abgeordnetenhaus vorgelegt, das sie nach einem Jahr ablehnte.1890 gründete Helene Lange den Allgemeinen Deutschen Lehrerinnenverein. Im März 1894 wurde der Bund Deutscher Frauenvereine gegründet, derem Vorstand Helene Lange bis 1905 angehörte. Sie beteiligte sich auch an der Herausgabe der Monatszeitschrift Die Frau. Von 1906–1908 arbeitete sie als Beraterin an der preußischen Mädchenschulreform mit. Während des Ersten Weltkriegs beteiligte sich Helene Lange am Nationalen Frauendienst, der sich um kriegsbedingte Probleme kümmerte. Als in der Weimarer Republik den Frauen das aktive und passive Wahlrecht zugesprochen wurde, kandidierte Helene Lange für die Deutsche Demokratische Partei und wurde für zwei Jahre in die Hamburgische Bürgerschaft gewählt. Helene Lange starb am 13. Mai 1930 in Berlin.</h3>
<div class='watch-action'><div class='watch-position align-right'><div class='action-like'><a class='lbg-style1 like-1651 jlk' href='javascript:void(0)' data-task='like' data-post_id='1651' data-nonce='166a765446' rel='nofollow'><img class='wti-pixel' src='https://www.einjahrzitate.de/wp-content/plugins/wti-like-post/images/pixel.gif' title='Interessant' /><span class='lc-1651 lc'>0</span></a></div></div> <div class='status-1651 status align-right'></div></div><div class='wti-clear'></div>

<p>Helene Lange wurde am 9. April 1948 in Oldenburg geboren. 1871 bestand sie ihr Examen am Lehrerinnenseminar. Sie war zunächst als Hauslehrerin tätig und trat dem Verein deutscher Lehrerinnen und Erzieherinnen bei. Danach arbeitete sie als Lehrerin an privaten höheren Mädchenschulen in Berlin. Sie empörte sich gegen die bestehende Ungleicheit zwischen Jungen und Mädchen im [&hellip;]</p>
