{"id":152,"date":"2013-09-19T16:49:02","date_gmt":"2013-09-19T15:49:02","guid":{"rendered":"http:\/\/www.einjahrzitate.de\/?page_id=152"},"modified":"2024-03-25T16:31:07","modified_gmt":"2024-03-25T15:31:07","slug":"dietrich-bonhoeffer","status":"publish","type":"page","link":"https:\/\/www.einjahrzitate.de\/?page_id=152","title":{"rendered":"Dietrich Bonhoeffer"},"content":{"rendered":"<h3><span style=\"color: #3366ff;\">Dietrich Bonhoeffer<\/span> wurde am 4. Februar 1906 in Breslau geboren. Nach dem Abitur studierte er Theologie in T\u00fcbingen und danach in Berlin, wo er sich im Jahr 1930 habilitierte. Nach einem Auslandsaufenthalt in New York wurde er Privatdozent f\u00fcr Evangelische Theologie in Berlin. Er wandte sich von Anfang an gegen die nationalsozialistische Rassenideologie und beteiligte sich am Kirchenkampf gegen die Deutschen Christen und ihren Reichsbischof Ludwig M\u00fcller. Zusammen mit Martin Niem\u00f6ller und anderen Pfarrern gr\u00fcndete er den Pfarrernotbund, der Amtsbr\u00fcdern mit j\u00fcdischer Herkunft half. Bonhoeffer war mit George Bell befreundet, der Bischof der Church of England und ein bedeutender Vertreter der \u00d6kumene war. 1934 war Dietrich Bonhoeffer als Vertreter der Bekennenden Kirche bei der \u00f6kumenischen Weltkonferenz in Fan\u00f6 in D\u00e4nemark anwesend. Trotz des Protets der Vertreter der deutschen evangelischen Kirche kam es auf dieser Weltkonferenz zu einer Solidarit\u00e4tserkl\u00e4rung f\u00fcr die Bekennende Kirche, und es wurden Gewalt\u00e4tigkeiten von Nationalsozialisten und die Errichtung von Konzentrationslagern bekannt gemacht und heftig krititisiert. Am 5. April 1943 wurde Dietrich Bonhoeffer verhaftet und nach dem knapp fehlgeschlagenen Attentat vom 20. Juli 1944 gegen Adolf Hitler wurde ihm Beihilfe an dem Attentat zur Last gelegt. Auf Befehl Hitlers wurde Dietrich Bonhoeffer am 5. April 1945 im KZ Flossenb\u00fcrg in Bayern erh\u00e4ngt. Vor seiner Hinrichtung sprach Dietrich Bonhoeffer ein Gebet und ging gelassen in den Tod.<\/h3>\n<div class='watch-action'><div class='watch-position align-right'><div class='action-like'><a class='lbg-style1 like-152 jlk' href='javascript:void(0)' data-task='like' data-post_id='152' data-nonce='166a765446' rel='nofollow'><img class='wti-pixel' src='https:\/\/www.einjahrzitate.de\/wp-content\/plugins\/wti-like-post\/images\/pixel.gif' title='Interessant' \/><span class='lc-152 lc'>0<\/span><\/a><\/div><\/div> <div class='status-152 status align-right'><\/div><\/div><div class='wti-clear'><\/div>","protected":false},"excerpt":{"rendered":"<p>Dietrich Bonhoeffer wurde am 4. Februar 1906 in Breslau geboren. Nach dem Abitur studierte er Theologie in T\u00fcbingen und danach in Berlin, wo er sich im Jahr 1930 habilitierte. Nach einem Auslandsaufenthalt in New York wurde er Privatdozent f\u00fcr Evangelische Theologie in Berlin. Er wandte sich von Anfang an gegen die nationalsozialistische Rassenideologie und beteiligte [&hellip;]<\/p>\n","protected":false},"author":1,"featured_media":0,"parent":0,"menu_order":0,"comment_status":"closed","ping_status":"closed","template":"","meta":{"_monsterinsights_skip_tracking":false,"_monsterinsights_sitenote_active":false,"_monsterinsights_sitenote_note":"","_monsterinsights_sitenote_category":0,"footnotes":""},"class_list":["post-152","page","type-page","status-publish","hentry"],"_links":{"self":[{"href":"https:\/\/www.einjahrzitate.de\/index.php?rest_route=\/wp\/v2\/pages\/152","targetHints":{"allow":["GET"]}}],"collection":[{"href":"https:\/\/www.einjahrzitate.de\/index.php?rest_route=\/wp\/v2\/pages"}],"about":[{"href":"https:\/\/www.einjahrzitate.de\/index.php?rest_route=\/wp\/v2\/types\/page"}],"author":[{"embeddable":true,"href":"https:\/\/www.einjahrzitate.de\/index.php?rest_route=\/wp\/v2\/users\/1"}],"replies":[{"embeddable":true,"href":"https:\/\/www.einjahrzitate.de\/index.php?rest_route=%2Fwp%2Fv2%2Fcomments&post=152"}],"version-history":[{"count":0,"href":"https:\/\/www.einjahrzitate.de\/index.php?rest_route=\/wp\/v2\/pages\/152\/revisions"}],"wp:attachment":[{"href":"https:\/\/www.einjahrzitate.de\/index.php?rest_route=%2Fwp%2Fv2%2Fmedia&parent=152"}],"curies":[{"name":"wp","href":"https:\/\/api.w.org\/{rel}","templated":true}]}}

<h3><span style="color: #3366ff;">Dietrich Bonhoeffer</span> wurde am 4. Februar 1906 in Breslau geboren. Nach dem Abitur studierte er Theologie in Tübingen und danach in Berlin, wo er sich im Jahr 1930 habilitierte. Nach einem Auslandsaufenthalt in New York wurde er Privatdozent für Evangelische Theologie in Berlin. Er wandte sich von Anfang an gegen die nationalsozialistische Rassenideologie und beteiligte sich am Kirchenkampf gegen die Deutschen Christen und ihren Reichsbischof Ludwig Müller. Zusammen mit Martin Niemöller und anderen Pfarrern gründete er den Pfarrernotbund, der Amtsbrüdern mit jüdischer Herkunft half. Bonhoeffer war mit George Bell befreundet, der Bischof der Church of England und ein bedeutender Vertreter der Ökumene war. 1934 war Dietrich Bonhoeffer als Vertreter der Bekennenden Kirche bei der ökumenischen Weltkonferenz in Fanö in Dänemark anwesend. Trotz des Protets der Vertreter der deutschen evangelischen Kirche kam es auf dieser Weltkonferenz zu einer Solidaritätserklärung für die Bekennende Kirche, und es wurden Gewaltätigkeiten von Nationalsozialisten und die Errichtung von Konzentrationslagern bekannt gemacht und heftig krititisiert. Am 5. April 1943 wurde Dietrich Bonhoeffer verhaftet und nach dem knapp fehlgeschlagenen Attentat vom 20. Juli 1944 gegen Adolf Hitler wurde ihm Beihilfe an dem Attentat zur Last gelegt. Auf Befehl Hitlers wurde Dietrich Bonhoeffer am 5. April 1945 im KZ Flossenbürg in Bayern erhängt. Vor seiner Hinrichtung sprach Dietrich Bonhoeffer ein Gebet und ging gelassen in den Tod.</h3>
<div class='watch-action'><div class='watch-position align-right'><div class='action-like'><a class='lbg-style1 like-152 jlk' href='javascript:void(0)' data-task='like' data-post_id='152' data-nonce='166a765446' rel='nofollow'><img class='wti-pixel' src='https://www.einjahrzitate.de/wp-content/plugins/wti-like-post/images/pixel.gif' title='Interessant' /><span class='lc-152 lc'>0</span></a></div></div> <div class='status-152 status align-right'></div></div><div class='wti-clear'></div>

<p>Dietrich Bonhoeffer wurde am 4. Februar 1906 in Breslau geboren. Nach dem Abitur studierte er Theologie in Tübingen und danach in Berlin, wo er sich im Jahr 1930 habilitierte. Nach einem Auslandsaufenthalt in New York wurde er Privatdozent für Evangelische Theologie in Berlin. Er wandte sich von Anfang an gegen die nationalsozialistische Rassenideologie und beteiligte [&hellip;]</p>
