{"id":147,"date":"2013-09-19T16:48:12","date_gmt":"2013-09-19T15:48:12","guid":{"rendered":"http:\/\/www.einjahrzitate.de\/?page_id=147"},"modified":"2015-06-09T16:34:20","modified_gmt":"2015-06-09T15:34:20","slug":"karl-rahner-2","status":"publish","type":"page","link":"https:\/\/www.einjahrzitate.de\/?page_id=147","title":{"rendered":"Karl Rahner"},"content":{"rendered":"<h3><span style=\"color: #3366ff;\">Karl Rahner<\/span> wurde am 5. M\u00e4rz 1904 in Freiburg im Breisgau  geboren. Nach dem Abitur trat er mit 18 Jahren in den Jesuitenorden ein. Nach den ordens\u00fcblichen Studien der Theologie und Philosophie studierte er ab 1934 in Freiburg, wo er an Seminaren von Martin Heidegger teilnahm. 1932 war er zum Priester geweiht worden. 1937 habilitierte er sich und wurde Privatdozent f\u00fcr Dogmatik in Innsbruck. Als die Nationalsozialisten nach dem Anschluss 1938 das Jesuitenkollegium aufl\u00f6sten, ging Karl Rahner nach Wien. In den letzten Kriegsjahren war er als Seelsorger in Niederbayern t\u00e4tig. 1949  wurde er ordentlicher Professor f\u00fcr Dogmatik  an der Universit\u00e4t in Innsbruck. 1962 wurde er zum Peritus des Zweiten Vatikanischen Konzils ernannt. 1964 \u00fcbernahm er in M\u00fcnchen den Lehrstuhl f\u00fcr christliche Weltanschauung und Religionsphilosophie, den Romano Guardini innehatte. Drei Jahre sp\u00e4ter ging er nach M\u00fcnster und war bis zu seiner Emeritierung im Jahr 1971 ordentlicher Professor f\u00fcr Dogmatik und Dogmengeschichte. Karl Rahner starb am 30. M\u00e4rz 1984 in Innsbruck und wurde in der Krypta der dortigen Jesuitenkirche beigesetzt. <\/h3>\n<div class='watch-action'><div class='watch-position align-right'><div class='action-like'><a class='lbg-style1 like-147 jlk' href='javascript:void(0)' data-task='like' data-post_id='147' data-nonce='166a765446' rel='nofollow'><img class='wti-pixel' src='https:\/\/www.einjahrzitate.de\/wp-content\/plugins\/wti-like-post\/images\/pixel.gif' title='Interessant' \/><span class='lc-147 lc'>0<\/span><\/a><\/div><\/div> <div class='status-147 status align-right'><\/div><\/div><div class='wti-clear'><\/div>","protected":false},"excerpt":{"rendered":"<p>Karl Rahner wurde am 5. M\u00e4rz 1904 in Freiburg im Breisgau geboren. Nach dem Abitur trat er mit 18 Jahren in den Jesuitenorden ein. Nach den ordens\u00fcblichen Studien der Theologie und Philosophie studierte er ab 1934 in Freiburg, wo er an Seminaren von Martin Heidegger teilnahm. 1932 war er zum Priester geweiht worden. 1937 habilitierte [&hellip;]<\/p>\n","protected":false},"author":1,"featured_media":0,"parent":0,"menu_order":0,"comment_status":"closed","ping_status":"closed","template":"","meta":{"_monsterinsights_skip_tracking":false,"_monsterinsights_sitenote_active":false,"_monsterinsights_sitenote_note":"","_monsterinsights_sitenote_category":0,"footnotes":""},"class_list":["post-147","page","type-page","status-publish","hentry"],"_links":{"self":[{"href":"https:\/\/www.einjahrzitate.de\/index.php?rest_route=\/wp\/v2\/pages\/147","targetHints":{"allow":["GET"]}}],"collection":[{"href":"https:\/\/www.einjahrzitate.de\/index.php?rest_route=\/wp\/v2\/pages"}],"about":[{"href":"https:\/\/www.einjahrzitate.de\/index.php?rest_route=\/wp\/v2\/types\/page"}],"author":[{"embeddable":true,"href":"https:\/\/www.einjahrzitate.de\/index.php?rest_route=\/wp\/v2\/users\/1"}],"replies":[{"embeddable":true,"href":"https:\/\/www.einjahrzitate.de\/index.php?rest_route=%2Fwp%2Fv2%2Fcomments&post=147"}],"version-history":[{"count":0,"href":"https:\/\/www.einjahrzitate.de\/index.php?rest_route=\/wp\/v2\/pages\/147\/revisions"}],"wp:attachment":[{"href":"https:\/\/www.einjahrzitate.de\/index.php?rest_route=%2Fwp%2Fv2%2Fmedia&parent=147"}],"curies":[{"name":"wp","href":"https:\/\/api.w.org\/{rel}","templated":true}]}}

<h3><span style="color: #3366ff;">Karl Rahner</span> wurde am 5. März 1904 in Freiburg im Breisgau  geboren. Nach dem Abitur trat er mit 18 Jahren in den Jesuitenorden ein. Nach den ordensüblichen Studien der Theologie und Philosophie studierte er ab 1934 in Freiburg, wo er an Seminaren von Martin Heidegger teilnahm. 1932 war er zum Priester geweiht worden. 1937 habilitierte er sich und wurde Privatdozent für Dogmatik in Innsbruck. Als die Nationalsozialisten nach dem Anschluss 1938 das Jesuitenkollegium auflösten, ging Karl Rahner nach Wien. In den letzten Kriegsjahren war er als Seelsorger in Niederbayern tätig. 1949  wurde er ordentlicher Professor für Dogmatik  an der Universität in Innsbruck. 1962 wurde er zum Peritus des Zweiten Vatikanischen Konzils ernannt. 1964 übernahm er in München den Lehrstuhl für christliche Weltanschauung und Religionsphilosophie, den Romano Guardini innehatte. Drei Jahre später ging er nach Münster und war bis zu seiner Emeritierung im Jahr 1971 ordentlicher Professor für Dogmatik und Dogmengeschichte. Karl Rahner starb am 30. März 1984 in Innsbruck und wurde in der Krypta der dortigen Jesuitenkirche beigesetzt. </h3>
<div class='watch-action'><div class='watch-position align-right'><div class='action-like'><a class='lbg-style1 like-147 jlk' href='javascript:void(0)' data-task='like' data-post_id='147' data-nonce='166a765446' rel='nofollow'><img class='wti-pixel' src='https://www.einjahrzitate.de/wp-content/plugins/wti-like-post/images/pixel.gif' title='Interessant' /><span class='lc-147 lc'>0</span></a></div></div> <div class='status-147 status align-right'></div></div><div class='wti-clear'></div>

<p>Karl Rahner wurde am 5. März 1904 in Freiburg im Breisgau geboren. Nach dem Abitur trat er mit 18 Jahren in den Jesuitenorden ein. Nach den ordensüblichen Studien der Theologie und Philosophie studierte er ab 1934 in Freiburg, wo er an Seminaren von Martin Heidegger teilnahm. 1932 war er zum Priester geweiht worden. 1937 habilitierte [&hellip;]</p>
