{"id":136,"date":"2013-09-19T16:46:13","date_gmt":"2013-09-19T15:46:13","guid":{"rendered":"http:\/\/www.einjahrzitate.de\/?page_id=136"},"modified":"2024-10-30T21:41:57","modified_gmt":"2024-10-30T20:41:57","slug":"abbe-pierre","status":"publish","type":"page","link":"https:\/\/www.einjahrzitate.de\/?page_id=136","title":{"rendered":"Abb\u00e9 Pierre"},"content":{"rendered":"<h3><span style=\"color: #3366ff;\">Abb\u00e9 Pierre<\/span> dessen b\u00fcrgerlicher Name Henri Grou\u00e8s ist, wurde am 5. August 1912 in Lyon geboren. Er ging in ein von Jesuiten geleitetes Gymnasium in dieser Stadt.<br \/>\n1931 trat er in den Kapuzinerorden ein und verzichtete auf sein Erbe zugunsten der Armen. Er lebte sieben Jahre in dem Kapuzinerkloster von Crest in dem D\u00e9partement Dr\u00f4me. Da er an Tuberkulose erkrankte, musste er das schwere Leben in diesem Orden aufgeben. 1938 wurde er zum Priester geweiht. W\u00e4hrend des Zweiten Weltkriegs schloss er sich unter dem Decknamen Abb\u00e9 Pierre der R\u00e9sistance an, und er half Juden und anderen verfolgten Menschen in die Schweiz zu gelangen. Nach dem Krieg war er bis 1951 Mitglied der Nationalversammlung. Als in dem strengen Winter 1954 ein Kind in der K\u00e4lte starb, rief Abb\u00e9 Pierre \u00fcber das Radio die Bev\u00f6lkerung auf, f\u00fcr die vor dem Erfrieren bedrohten Menschen zu spenden. Sein Appell wurde erh\u00f6rt und zahlreiche Spenden trafen ein. Daraufhin gr\u00fcndete Abb\u00e9 Pierre zusammen mit einigen Mitarbeitern die Hilfsorganisation \u00ab\u00a0Emma\u00fcs\u00a0\u00bb. Au\u00dferdem wurde ein staatliches Programm f\u00fcr den Bau von Sozialwohnungen in die Wege geleitet. Abb\u00e9 Pierre starb am 22. Januar 2007 im Pariser Krankenhaus Val-de-Gr\u00e2ce an einer Lungenentz\u00fcndung. Die nationale Trauerfeier fand in der Kathedrale Notre Dame in Paris statt. In diesem Jahr 2024 ver\u00f6ffentlichte Emma\u00fcs International einen Bericht, in dem Abb\u00e9 Pierre zwischen den Jahren 1950 und 2000 sexuellen Missbrauch an mehreren Frauen in Frankreich, den USA, Marokko und der Schweiz begangen hat.<\/h3>\n<div class='watch-action'><div class='watch-position align-right'><div class='action-like'><a class='lbg-style1 like-136 jlk' href='javascript:void(0)' data-task='like' data-post_id='136' data-nonce='b5ccdaea7f' rel='nofollow'><img class='wti-pixel' src='https:\/\/www.einjahrzitate.de\/wp-content\/plugins\/wti-like-post\/images\/pixel.gif' title='Interessant' \/><span class='lc-136 lc'>0<\/span><\/a><\/div><\/div> <div class='status-136 status align-right'><\/div><\/div><div class='wti-clear'><\/div>","protected":false},"excerpt":{"rendered":"<p>Abb\u00e9 Pierre dessen b\u00fcrgerlicher Name Henri Grou\u00e8s ist, wurde am 5. August 1912 in Lyon geboren. Er ging in ein von Jesuiten geleitetes Gymnasium in dieser Stadt. 1931 trat er in den Kapuzinerorden ein und verzichtete auf sein Erbe zugunsten der Armen. Er lebte sieben Jahre in dem Kapuzinerkloster von Crest in dem D\u00e9partement Dr\u00f4me. [&hellip;]<\/p>\n","protected":false},"author":1,"featured_media":0,"parent":0,"menu_order":0,"comment_status":"closed","ping_status":"closed","template":"","meta":{"_monsterinsights_skip_tracking":false,"_monsterinsights_sitenote_active":false,"_monsterinsights_sitenote_note":"","_monsterinsights_sitenote_category":0,"footnotes":""},"class_list":["post-136","page","type-page","status-publish","hentry"],"_links":{"self":[{"href":"https:\/\/www.einjahrzitate.de\/index.php?rest_route=\/wp\/v2\/pages\/136","targetHints":{"allow":["GET"]}}],"collection":[{"href":"https:\/\/www.einjahrzitate.de\/index.php?rest_route=\/wp\/v2\/pages"}],"about":[{"href":"https:\/\/www.einjahrzitate.de\/index.php?rest_route=\/wp\/v2\/types\/page"}],"author":[{"embeddable":true,"href":"https:\/\/www.einjahrzitate.de\/index.php?rest_route=\/wp\/v2\/users\/1"}],"replies":[{"embeddable":true,"href":"https:\/\/www.einjahrzitate.de\/index.php?rest_route=%2Fwp%2Fv2%2Fcomments&post=136"}],"version-history":[{"count":0,"href":"https:\/\/www.einjahrzitate.de\/index.php?rest_route=\/wp\/v2\/pages\/136\/revisions"}],"wp:attachment":[{"href":"https:\/\/www.einjahrzitate.de\/index.php?rest_route=%2Fwp%2Fv2%2Fmedia&parent=136"}],"curies":[{"name":"wp","href":"https:\/\/api.w.org\/{rel}","templated":true}]}}

Abbé Pierre

<h3><span style="color: #3366ff;">Abbé Pierre</span> dessen bürgerlicher Name Henri Grouès ist, wurde am 5. August 1912 in Lyon geboren. Er ging in ein von Jesuiten geleitetes Gymnasium in dieser Stadt.<br />
1931 trat er in den Kapuzinerorden ein und verzichtete auf sein Erbe zugunsten der Armen. Er lebte sieben Jahre in dem Kapuzinerkloster von Crest in dem Département Drôme. Da er an Tuberkulose erkrankte, musste er das schwere Leben in diesem Orden aufgeben. 1938 wurde er zum Priester geweiht. Während des Zweiten Weltkriegs schloss er sich unter dem Decknamen Abbé Pierre der Résistance an, und er half Juden und anderen verfolgten Menschen in die Schweiz zu gelangen. Nach dem Krieg war er bis 1951 Mitglied der Nationalversammlung. Als in dem strengen Winter 1954 ein Kind in der Kälte starb, rief Abbé Pierre über das Radio die Bevölkerung auf, für die vor dem Erfrieren bedrohten Menschen zu spenden. Sein Appell wurde erhört und zahlreiche Spenden trafen ein. Daraufhin gründete Abbé Pierre zusammen mit einigen Mitarbeitern die Hilfsorganisation « Emmaüs ». Außerdem wurde ein staatliches Programm für den Bau von Sozialwohnungen in die Wege geleitet. Abbé Pierre starb am 22. Januar 2007 im Pariser Krankenhaus Val-de-Grâce an einer Lungenentzündung. Die nationale Trauerfeier fand in der Kathedrale Notre Dame in Paris statt. In diesem Jahr 2024 veröffentlichte Emmaüs International einen Bericht, in dem Abbé Pierre zwischen den Jahren 1950 und 2000 sexuellen Missbrauch an mehreren Frauen in Frankreich, den USA, Marokko und der Schweiz begangen hat.</h3>
<div class='watch-action'><div class='watch-position align-right'><div class='action-like'><a class='lbg-style1 like-136 jlk' href='javascript:void(0)' data-task='like' data-post_id='136' data-nonce='b5ccdaea7f' rel='nofollow'><img class='wti-pixel' src='https://www.einjahrzitate.de/wp-content/plugins/wti-like-post/images/pixel.gif' title='Interessant' /><span class='lc-136 lc'>0</span></a></div></div> <div class='status-136 status align-right'></div></div><div class='wti-clear'></div>

<p>Abbé Pierre dessen bürgerlicher Name Henri Grouès ist, wurde am 5. August 1912 in Lyon geboren. Er ging in ein von Jesuiten geleitetes Gymnasium in dieser Stadt. 1931 trat er in den Kapuzinerorden ein und verzichtete auf sein Erbe zugunsten der Armen. Er lebte sieben Jahre in dem Kapuzinerkloster von Crest in dem Département Drôme. [&hellip;]</p>
